{"id":22056,"date":"2025-04-08T15:44:55","date_gmt":"2025-04-08T13:44:55","guid":{"rendered":"https:\/\/poterie-de-crestet.com\/ceramiques\/desserttellergruen\/"},"modified":"2025-04-08T15:44:55","modified_gmt":"2025-04-08T13:44:55","slug":"desserttellergruen","status":"publish","type":"product","link":"https:\/\/poterie-de-crestet.com\/de\/keramik\/desserttellergruen\/","title":{"rendered":"Dessertteller<h5>Gr\u00fcn<\/h5>"},"content":{"rendered":"<p>Frisch und hell erinnert der Dessertteller mit gr\u00fcnem Dekor an die G\u00e4rten des S\u00fcdens und die Geselligkeit des Essens im Freien. Ideal f\u00fcr einen selbstgemachten Kuchen, etwas saisonales Obst oder sogar einen herzhaften Snack, passt er sich allen allt\u00e4glichen W\u00fcnschen an. Handdekoriert hat jeder Raum seine eigenen Nuancen und seinen eigenen Charakter.  <\/p>\n<p>Kompatibel mit Geschirrsp\u00fcler, Ofen und Mikrowelle ist er ebenso praktisch wie stilvoll.<\/p>\n<p>Wir stellen uns vor, wie es w\u00e4hrend eines Sonntagsessens, im Schatten von Platanen oder auf dem R\u00fcckweg vom Markt in Vaison oder Buis auf einer h\u00fcbschen Tischdecke gelegt wird.<\/p>\n<p>Ohne Z\u00f6gern mit <a href=\"https:\/\/poterie-de-crestet.com\/de\/keramik\/tasse-gruen\/\"><strong data-start=\"822\" data-end=\"839\">Kaffeetassen<\/strong><\/a>, <a href=\"https:\/\/poterie-de-crestet.com\/ceramiques\/plat-a-pizza-vert\/\"><strong data-start=\"845\" data-end=\"868\">Kuchenformen<\/strong><\/a> oder <a href=\"https:\/\/poterie-de-crestet.com\/ceramiques\/bouteille-huile-vert\/\"><strong data-start=\"883\" data-end=\"905\">\u00d6lflaschen<\/strong><\/a> aus demselben gr\u00fcnen Dekor kombiniert zu werden.<\/p>\n","protected":false},"excerpt":{"rendered":"<p>Ein kr\u00e4ftiges, nat\u00fcrliches Gr\u00fcn, das sich an jede Atmosph\u00e4re anpasst. Leicht mit dem Rest des Dienstes zu kombinieren. <\/p>\n<p><br data-start=\"4548\" data-end=\"4551\"><strong><em>20,4 x 20,4 cm \u2013 H 2,5 cm<\/em><\/strong><\/p>\n","protected":false},"featured_media":5920,"comment_status":"open","ping_status":"closed","template":"","meta":[],"product_brand":[],"product_cat":[342],"product_tag":[208],"class_list":{"0":"post-22056","1":"product","2":"type-product","3":"status-publish","4":"has-post-thumbnail","6":"product_cat-dessertteller","7":"product_tag-grun","9":"first","10":"instock","11":"taxable","12":"shipping-taxable","13":"purchasable","14":"product-type-simple"},"yoast_head":"<!-- This site is optimized with the Yoast SEO plugin v27.5 - https:\/\/yoast.com\/product\/yoast-seo-wordpress\/ -->\n<title>DesserttellerGr\u00fcn - Poterie de Crestet<\/title>\n<meta name=\"description\" content=\"Handdekorierter gr\u00fcner Dessertteller, praktisch und leuchtend. Perfekt zu passenden Tassen, Backformen oder Flaschen.\" \/>\n<meta name=\"robots\" content=\"index, follow, max-snippet:-1, max-image-preview:large, max-video-preview:-1\" \/>\n<link rel=\"canonical\" href=\"https:\/\/poterie-de-crestet.com\/de\/keramik\/desserttellergruen\/\" \/>\n<meta property=\"og:locale\" content=\"de_DE\" \/>\n<meta property=\"og:type\" content=\"article\" \/>\n<meta property=\"og:title\" content=\"DesserttellerGr\u00fcn - Poterie de Crestet\" \/>\n<meta property=\"og:description\" content=\"Handdekorierter gr\u00fcner Dessertteller, praktisch und leuchtend. Perfekt zu passenden Tassen, Backformen oder Flaschen.\" \/>\n<meta property=\"og:url\" content=\"https:\/\/poterie-de-crestet.com\/de\/keramik\/desserttellergruen\/\" \/>\n<meta property=\"og:site_name\" content=\"Poterie de Crestet\" \/>\n<meta property=\"og:image\" content=\"https:\/\/i0.wp.com\/poterie-de-crestet.com\/wp-content\/uploads\/2025\/04\/assiette-carre-vert.jpg?fit=458%2C458&ssl=1\" \/>\n\t<meta property=\"og:image:width\" content=\"458\" \/>\n\t<meta property=\"og:image:height\" content=\"458\" \/>\n\t<meta property=\"og:image:type\" content=\"image\/jpeg\" \/>\n<meta name=\"twitter:card\" content=\"summary_large_image\" \/>\n<meta name=\"twitter:label1\" content=\"Gesch\u00e4tzte Lesezeit\" \/>\n\t<meta name=\"twitter:data1\" content=\"1\u00a0Minute\" \/>\n<script type=\"application\/ld+json\" class=\"yoast-schema-graph\">{\"@context\":\"https:\\\/\\\/schema.org\",\"@graph\":[{\"@type\":\"WebPage\",\"@id\":\"https:\\\/\\\/poterie-de-crestet.com\\\/de\\\/keramik\\\/desserttellergruen\\\/\",\"url\":\"https:\\\/\\\/poterie-de-crestet.com\\\/de\\\/keramik\\\/desserttellergruen\\\/\",\"name\":\"DesserttellerGr\u00fcn - Poterie de Crestet\",\"isPartOf\":{\"@id\":\"https:\\\/\\\/poterie-de-crestet.com\\\/de\\\/#website\"},\"primaryImageOfPage\":{\"@id\":\"https:\\\/\\\/poterie-de-crestet.com\\\/de\\\/keramik\\\/desserttellergruen\\\/#primaryimage\"},\"image\":{\"@id\":\"https:\\\/\\\/poterie-de-crestet.com\\\/de\\\/keramik\\\/desserttellergruen\\\/#primaryimage\"},\"thumbnailUrl\":\"https:\\\/\\\/i0.wp.com\\\/poterie-de-crestet.com\\\/wp-content\\\/uploads\\\/2025\\\/04\\\/assiette-carre-vert.jpg?fit=458%2C458&ssl=1\",\"datePublished\":\"2025-04-08T13:44:55+00:00\",\"description\":\"Handdekorierter gr\u00fcner Dessertteller, praktisch und leuchtend. Perfekt zu passenden Tassen, Backformen oder Flaschen.\",\"breadcrumb\":{\"@id\":\"https:\\\/\\\/poterie-de-crestet.com\\\/de\\\/keramik\\\/desserttellergruen\\\/#breadcrumb\"},\"inLanguage\":\"de\",\"potentialAction\":[{\"@type\":\"ReadAction\",\"target\":[\"https:\\\/\\\/poterie-de-crestet.com\\\/de\\\/keramik\\\/desserttellergruen\\\/\"]}]},{\"@type\":\"ImageObject\",\"inLanguage\":\"de\",\"@id\":\"https:\\\/\\\/poterie-de-crestet.com\\\/de\\\/keramik\\\/desserttellergruen\\\/#primaryimage\",\"url\":\"https:\\\/\\\/i0.wp.com\\\/poterie-de-crestet.com\\\/wp-content\\\/uploads\\\/2025\\\/04\\\/assiette-carre-vert.jpg?fit=458%2C458&ssl=1\",\"contentUrl\":\"https:\\\/\\\/i0.wp.com\\\/poterie-de-crestet.com\\\/wp-content\\\/uploads\\\/2025\\\/04\\\/assiette-carre-vert.jpg?fit=458%2C458&ssl=1\",\"width\":458,\"height\":458,\"caption\":\"Gr\u00fcne Platte\"},{\"@type\":\"BreadcrumbList\",\"@id\":\"https:\\\/\\\/poterie-de-crestet.com\\\/de\\\/keramik\\\/desserttellergruen\\\/#breadcrumb\",\"itemListElement\":[{\"@type\":\"ListItem\",\"position\":1,\"name\":\"Accueil\",\"item\":\"https:\\\/\\\/poterie-de-crestet.com\\\/de\\\/accueil\\\/\"},{\"@type\":\"ListItem\",\"position\":2,\"name\":\"Boutique\",\"item\":\"https:\\\/\\\/poterie-de-crestet.com\\\/ceramiques\\\/\"},{\"@type\":\"ListItem\",\"position\":3,\"name\":\"DesserttellerGr\u00fcn\"}]},{\"@type\":\"WebSite\",\"@id\":\"https:\\\/\\\/poterie-de-crestet.com\\\/de\\\/#website\",\"url\":\"https:\\\/\\\/poterie-de-crestet.com\\\/de\\\/\",\"name\":\"Poterie de Crestet\",\"description\":\"Des milliers de poteries inpir\u00e9es de la Provence\",\"publisher\":{\"@id\":\"https:\\\/\\\/poterie-de-crestet.com\\\/de\\\/#organization\"},\"potentialAction\":[{\"@type\":\"SearchAction\",\"target\":{\"@type\":\"EntryPoint\",\"urlTemplate\":\"https:\\\/\\\/poterie-de-crestet.com\\\/de\\\/?s={search_term_string}\"},\"query-input\":{\"@type\":\"PropertyValueSpecification\",\"valueRequired\":true,\"valueName\":\"search_term_string\"}}],\"inLanguage\":\"de\"},{\"@type\":\"Organization\",\"@id\":\"https:\\\/\\\/poterie-de-crestet.com\\\/de\\\/#organization\",\"name\":\"Poterie de Crestet\",\"url\":\"https:\\\/\\\/poterie-de-crestet.com\\\/de\\\/\",\"logo\":{\"@type\":\"ImageObject\",\"inLanguage\":\"de\",\"@id\":\"https:\\\/\\\/poterie-de-crestet.com\\\/de\\\/#\\\/schema\\\/logo\\\/image\\\/\",\"url\":\"https:\\\/\\\/i0.wp.com\\\/poterie-de-crestet.com\\\/wp-content\\\/uploads\\\/2025\\\/03\\\/Propo-4.png?fit=1000%2C462&ssl=1\",\"contentUrl\":\"https:\\\/\\\/i0.wp.com\\\/poterie-de-crestet.com\\\/wp-content\\\/uploads\\\/2025\\\/03\\\/Propo-4.png?fit=1000%2C462&ssl=1\",\"width\":1000,\"height\":462,\"caption\":\"Poterie de Crestet\"},\"image\":{\"@id\":\"https:\\\/\\\/poterie-de-crestet.com\\\/de\\\/#\\\/schema\\\/logo\\\/image\\\/\"}}]}<\/script>\n<!-- \/ Yoast SEO plugin. -->","yoast_head_json":{"title":"DesserttellerGr\u00fcn - Poterie de Crestet","description":"Handdekorierter gr\u00fcner Dessertteller, praktisch und leuchtend. Perfekt zu passenden Tassen, Backformen oder Flaschen.","robots":{"index":"index","follow":"follow","max-snippet":"max-snippet:-1","max-image-preview":"max-image-preview:large","max-video-preview":"max-video-preview:-1"},"canonical":"https:\/\/poterie-de-crestet.com\/de\/keramik\/desserttellergruen\/","og_locale":"de_DE","og_type":"article","og_title":"DesserttellerGr\u00fcn - Poterie de Crestet","og_description":"Handdekorierter gr\u00fcner Dessertteller, praktisch und leuchtend. Perfekt zu passenden Tassen, Backformen oder Flaschen.","og_url":"https:\/\/poterie-de-crestet.com\/de\/keramik\/desserttellergruen\/","og_site_name":"Poterie de Crestet","og_image":[{"width":458,"height":458,"url":"https:\/\/i0.wp.com\/poterie-de-crestet.com\/wp-content\/uploads\/2025\/04\/assiette-carre-vert.jpg?fit=458%2C458&ssl=1","type":"image\/jpeg"}],"twitter_card":"summary_large_image","twitter_misc":{"Gesch\u00e4tzte Lesezeit":"1\u00a0Minute"},"schema":{"@context":"https:\/\/schema.org","@graph":[{"@type":"WebPage","@id":"https:\/\/poterie-de-crestet.com\/de\/keramik\/desserttellergruen\/","url":"https:\/\/poterie-de-crestet.com\/de\/keramik\/desserttellergruen\/","name":"DesserttellerGr\u00fcn - Poterie de Crestet","isPartOf":{"@id":"https:\/\/poterie-de-crestet.com\/de\/#website"},"primaryImageOfPage":{"@id":"https:\/\/poterie-de-crestet.com\/de\/keramik\/desserttellergruen\/#primaryimage"},"image":{"@id":"https:\/\/poterie-de-crestet.com\/de\/keramik\/desserttellergruen\/#primaryimage"},"thumbnailUrl":"https:\/\/i0.wp.com\/poterie-de-crestet.com\/wp-content\/uploads\/2025\/04\/assiette-carre-vert.jpg?fit=458%2C458&ssl=1","datePublished":"2025-04-08T13:44:55+00:00","description":"Handdekorierter gr\u00fcner Dessertteller, praktisch und leuchtend. Perfekt zu passenden Tassen, Backformen oder Flaschen.","breadcrumb":{"@id":"https:\/\/poterie-de-crestet.com\/de\/keramik\/desserttellergruen\/#breadcrumb"},"inLanguage":"de","potentialAction":[{"@type":"ReadAction","target":["https:\/\/poterie-de-crestet.com\/de\/keramik\/desserttellergruen\/"]}]},{"@type":"ImageObject","inLanguage":"de","@id":"https:\/\/poterie-de-crestet.com\/de\/keramik\/desserttellergruen\/#primaryimage","url":"https:\/\/i0.wp.com\/poterie-de-crestet.com\/wp-content\/uploads\/2025\/04\/assiette-carre-vert.jpg?fit=458%2C458&ssl=1","contentUrl":"https:\/\/i0.wp.com\/poterie-de-crestet.com\/wp-content\/uploads\/2025\/04\/assiette-carre-vert.jpg?fit=458%2C458&ssl=1","width":458,"height":458,"caption":"Gr\u00fcne Platte"},{"@type":"BreadcrumbList","@id":"https:\/\/poterie-de-crestet.com\/de\/keramik\/desserttellergruen\/#breadcrumb","itemListElement":[{"@type":"ListItem","position":1,"name":"Accueil","item":"https:\/\/poterie-de-crestet.com\/de\/accueil\/"},{"@type":"ListItem","position":2,"name":"Boutique","item":"https:\/\/poterie-de-crestet.com\/ceramiques\/"},{"@type":"ListItem","position":3,"name":"DesserttellerGr\u00fcn"}]},{"@type":"WebSite","@id":"https:\/\/poterie-de-crestet.com\/de\/#website","url":"https:\/\/poterie-de-crestet.com\/de\/","name":"Poterie de Crestet","description":"Des milliers de poteries inpir\u00e9es de la Provence","publisher":{"@id":"https:\/\/poterie-de-crestet.com\/de\/#organization"},"potentialAction":[{"@type":"SearchAction","target":{"@type":"EntryPoint","urlTemplate":"https:\/\/poterie-de-crestet.com\/de\/?s={search_term_string}"},"query-input":{"@type":"PropertyValueSpecification","valueRequired":true,"valueName":"search_term_string"}}],"inLanguage":"de"},{"@type":"Organization","@id":"https:\/\/poterie-de-crestet.com\/de\/#organization","name":"Poterie de Crestet","url":"https:\/\/poterie-de-crestet.com\/de\/","logo":{"@type":"ImageObject","inLanguage":"de","@id":"https:\/\/poterie-de-crestet.com\/de\/#\/schema\/logo\/image\/","url":"https:\/\/i0.wp.com\/poterie-de-crestet.com\/wp-content\/uploads\/2025\/03\/Propo-4.png?fit=1000%2C462&ssl=1","contentUrl":"https:\/\/i0.wp.com\/poterie-de-crestet.com\/wp-content\/uploads\/2025\/03\/Propo-4.png?fit=1000%2C462&ssl=1","width":1000,"height":462,"caption":"Poterie de Crestet"},"image":{"@id":"https:\/\/poterie-de-crestet.com\/de\/#\/schema\/logo\/image\/"}}]}},"jetpack_sharing_enabled":true,"_links":{"self":[{"href":"https:\/\/poterie-de-crestet.com\/de\/wp-json\/wp\/v2\/product\/22056","targetHints":{"allow":["GET"]}}],"collection":[{"href":"https:\/\/poterie-de-crestet.com\/de\/wp-json\/wp\/v2\/product"}],"about":[{"href":"https:\/\/poterie-de-crestet.com\/de\/wp-json\/wp\/v2\/types\/product"}],"replies":[{"embeddable":true,"href":"https:\/\/poterie-de-crestet.com\/de\/wp-json\/wp\/v2\/comments?post=22056"}],"version-history":[{"count":0,"href":"https:\/\/poterie-de-crestet.com\/de\/wp-json\/wp\/v2\/product\/22056\/revisions"}],"wp:featuredmedia":[{"embeddable":true,"href":"https:\/\/poterie-de-crestet.com\/de\/wp-json\/wp\/v2\/media\/5920"}],"wp:attachment":[{"href":"https:\/\/poterie-de-crestet.com\/de\/wp-json\/wp\/v2\/media?parent=22056"}],"wp:term":[{"taxonomy":"product_brand","embeddable":true,"href":"https:\/\/poterie-de-crestet.com\/de\/wp-json\/wp\/v2\/product_brand?post=22056"},{"taxonomy":"product_cat","embeddable":true,"href":"https:\/\/poterie-de-crestet.com\/de\/wp-json\/wp\/v2\/product_cat?post=22056"},{"taxonomy":"product_tag","embeddable":true,"href":"https:\/\/poterie-de-crestet.com\/de\/wp-json\/wp\/v2\/product_tag?post=22056"}],"curies":[{"name":"wp","href":"https:\/\/api.w.org\/{rel}","templated":true}]}}

Dessertteller<h5>Grün</h5>

<p>Frisch und hell erinnert der Dessertteller mit grünem Dekor an die Gärten des Südens und die Geselligkeit des Essens im Freien. Ideal für einen selbstgemachten Kuchen, etwas saisonales Obst oder sogar einen herzhaften Snack, passt er sich allen alltäglichen Wünschen an. Handdekoriert hat jeder Raum seine eigenen Nuancen und seinen eigenen Charakter.  </p>
<p>Kompatibel mit Geschirrspüler, Ofen und Mikrowelle ist er ebenso praktisch wie stilvoll.</p>
<p>Wir stellen uns vor, wie es während eines Sonntagsessens, im Schatten von Platanen oder auf dem Rückweg vom Markt in Vaison oder Buis auf einer hübschen Tischdecke gelegt wird.</p>
<p>Ohne Zögern mit <a href="https://poterie-de-crestet.com/de/keramik/tasse-gruen/"><strong data-start="822" data-end="839">Kaffeetassen</strong></a>, <a href="https://poterie-de-crestet.com/ceramiques/plat-a-pizza-vert/"><strong data-start="845" data-end="868">Kuchenformen</strong></a> oder <a href="https://poterie-de-crestet.com/ceramiques/bouteille-huile-vert/"><strong data-start="883" data-end="905">Ölflaschen</strong></a> aus demselben grünen Dekor kombiniert zu werden.</p>

<p>Ein kräftiges, natürliches Grün, das sich an jede Atmosphäre anpasst. Leicht mit dem Rest des Dienstes zu kombinieren. </p>
<p><br data-start="4548" data-end="4551"><strong><em>20,4 x 20,4 cm – H 2,5 cm</em></strong></p>

<!-- This site is optimized with the Yoast SEO plugin v27.5 - https://yoast.com/product/yoast-seo-wordpress/ -->
<title>DesserttellerGrün - Poterie de Crestet</title>
<meta name="description" content="Handdekorierter grüner Dessertteller, praktisch und leuchtend. Perfekt zu passenden Tassen, Backformen oder Flaschen." />
<meta name="robots" content="index, follow, max-snippet:-1, max-image-preview:large, max-video-preview:-1" />
<link rel="canonical" href="https://poterie-de-crestet.com/de/keramik/desserttellergruen/" />
<meta property="og:locale" content="de_DE" />
<meta property="og:type" content="article" />
<meta property="og:title" content="DesserttellerGrün - Poterie de Crestet" />
<meta property="og:description" content="Handdekorierter grüner Dessertteller, praktisch und leuchtend. Perfekt zu passenden Tassen, Backformen oder Flaschen." />
<meta property="og:url" content="https://poterie-de-crestet.com/de/keramik/desserttellergruen/" />
<meta property="og:site_name" content="Poterie de Crestet" />
<meta property="og:image" content="https://i0.wp.com/poterie-de-crestet.com/wp-content/uploads/2025/04/assiette-carre-vert.jpg?fit=458%2C458&ssl=1" />
	<meta property="og:image:width" content="458" />
	<meta property="og:image:height" content="458" />
	<meta property="og:image:type" content="image/jpeg" />
<meta name="twitter:card" content="summary_large_image" />
<meta name="twitter:label1" content="Geschätzte Lesezeit" />
	<meta name="twitter:data1" content="1 Minute" />
<script type="application/ld+json" class="yoast-schema-graph">{"@context":"https:\/\/schema.org","@graph":[{"@type":"WebPage","@id":"https:\/\/poterie-de-crestet.com\/de\/keramik\/desserttellergruen\/","url":"https:\/\/poterie-de-crestet.com\/de\/keramik\/desserttellergruen\/","name":"DesserttellerGrün - Poterie de Crestet","isPartOf":{"@id":"https:\/\/poterie-de-crestet.com\/de\/#website"},"primaryImageOfPage":{"@id":"https:\/\/poterie-de-crestet.com\/de\/keramik\/desserttellergruen\/#primaryimage"},"image":{"@id":"https:\/\/poterie-de-crestet.com\/de\/keramik\/desserttellergruen\/#primaryimage"},"thumbnailUrl":"https:\/\/i0.wp.com\/poterie-de-crestet.com\/wp-content\/uploads\/2025\/04\/assiette-carre-vert.jpg?fit=458%2C458&ssl=1","datePublished":"2025-04-08T13:44:55+00:00","description":"Handdekorierter grüner Dessertteller, praktisch und leuchtend. Perfekt zu passenden Tassen, Backformen oder Flaschen.","breadcrumb":{"@id":"https:\/\/poterie-de-crestet.com\/de\/keramik\/desserttellergruen\/#breadcrumb"},"inLanguage":"de","potentialAction":[{"@type":"ReadAction","target":["https:\/\/poterie-de-crestet.com\/de\/keramik\/desserttellergruen\/"]}]},{"@type":"ImageObject","inLanguage":"de","@id":"https:\/\/poterie-de-crestet.com\/de\/keramik\/desserttellergruen\/#primaryimage","url":"https:\/\/i0.wp.com\/poterie-de-crestet.com\/wp-content\/uploads\/2025\/04\/assiette-carre-vert.jpg?fit=458%2C458&ssl=1","contentUrl":"https:\/\/i0.wp.com\/poterie-de-crestet.com\/wp-content\/uploads\/2025\/04\/assiette-carre-vert.jpg?fit=458%2C458&ssl=1","width":458,"height":458,"caption":"Grüne Platte"},{"@type":"BreadcrumbList","@id":"https:\/\/poterie-de-crestet.com\/de\/keramik\/desserttellergruen\/#breadcrumb","itemListElement":[{"@type":"ListItem","position":1,"name":"Accueil","item":"https:\/\/poterie-de-crestet.com\/de\/accueil\/"},{"@type":"ListItem","position":2,"name":"Boutique","item":"https:\/\/poterie-de-crestet.com\/ceramiques\/"},{"@type":"ListItem","position":3,"name":"DesserttellerGrün"}]},{"@type":"WebSite","@id":"https:\/\/poterie-de-crestet.com\/de\/#website","url":"https:\/\/poterie-de-crestet.com\/de\/","name":"Poterie de Crestet","description":"Des milliers de poteries inpirées de la Provence","publisher":{"@id":"https:\/\/poterie-de-crestet.com\/de\/#organization"},"potentialAction":[{"@type":"SearchAction","target":{"@type":"EntryPoint","urlTemplate":"https:\/\/poterie-de-crestet.com\/de\/?s={search_term_string}"},"query-input":{"@type":"PropertyValueSpecification","valueRequired":true,"valueName":"search_term_string"}}],"inLanguage":"de"},{"@type":"Organization","@id":"https:\/\/poterie-de-crestet.com\/de\/#organization","name":"Poterie de Crestet","url":"https:\/\/poterie-de-crestet.com\/de\/","logo":{"@type":"ImageObject","inLanguage":"de","@id":"https:\/\/poterie-de-crestet.com\/de\/#\/schema\/logo\/image\/","url":"https:\/\/i0.wp.com\/poterie-de-crestet.com\/wp-content\/uploads\/2025\/03\/Propo-4.png?fit=1000%2C462&ssl=1","contentUrl":"https:\/\/i0.wp.com\/poterie-de-crestet.com\/wp-content\/uploads\/2025\/03\/Propo-4.png?fit=1000%2C462&ssl=1","width":1000,"height":462,"caption":"Poterie de Crestet"},"image":{"@id":"https:\/\/poterie-de-crestet.com\/de\/#\/schema\/logo\/image\/"}}]}</script>
<!-- / Yoast SEO plugin. -->

DesserttellerGrün - Poterie de Crestet

Handdekorierter grüner Dessertteller, praktisch und leuchtend. Perfekt zu passenden Tassen, Backformen oder Flaschen.

Grüne Platte

DesserttellerGrün

Des milliers de poteries inpirées de la Provence
