{"id":22045,"date":"2025-04-08T10:24:24","date_gmt":"2025-04-08T08:24:24","guid":{"rendered":"https:\/\/poterie-de-crestet.com\/ceramiques\/dessertteller-rot\/"},"modified":"2025-04-08T10:24:24","modified_gmt":"2025-04-08T08:24:24","slug":"dessertteller-rot","status":"publish","type":"product","link":"https:\/\/poterie-de-crestet.com\/de\/keramik\/dessertteller-rot\/","title":{"rendered":"Dessertteller  <h5>Rot<\/h5>"},"content":{"rendered":"<p>Der rote Dessertteller bringt Energie und Gro\u00dfz\u00fcgigkeit in Ihren Tisch. Sein tiefes Rot, voller Charakter, erinnert an die provenzalischen Sonnenunterg\u00e4nge und die farbenfrohen St\u00e4nde der M\u00e4rkte. Es eignet sich ideal f\u00fcr ein St\u00fcck Kuchen, frischen Ziegenk\u00e4se oder sehr reife Fr\u00fcchte.  <\/p>\n<p>Robust und angenehm zu benutzen (Ofen, Mikrowelle, Geschirrsp\u00fcler), ist er ebenso \u00e4sthetisch wie unerl\u00e4sslich.<\/p>\n<p>Er passt perfekt zu <a href=\"https:\/\/poterie-de-crestet.com\/de\/keramik\/loeffelauflage-rot\/\"><strong data-start=\"643\" data-end=\"663\">L\u00f6ffelruhen<\/strong><\/a>, <a href=\"https:\/\/poterie-de-crestet.com\/de\/keramik\/knoblauchreibe-rot\/\"><strong data-start=\"669\" data-end=\"683\">Knoblauchreiben<\/strong><\/a> oder <a href=\"https:\/\/poterie-de-crestet.com\/de\/keramik\/bowl-rot-2\/\"><strong data-start=\"691\" data-end=\"711\">roten Bechern<\/strong> f\u00fcr<\/a> einen Tisch voller Lebendigkeit.<\/p>\n","protected":false},"excerpt":{"rendered":"<p>Ein leuchtendes und leuchtendes Rot, das die Farben deiner Gerichte hervorhebt. Bietet Energie und W\u00e4rme. <\/p>\n<p><br data-start=\"3731\" data-end=\"3734\"><strong><em>20,4 x 20,4 cm \u2013 H 2,5 cm<\/em><\/strong><\/p>\n","protected":false},"featured_media":5930,"comment_status":"open","ping_status":"closed","template":"","meta":[],"product_brand":[],"product_cat":[342],"product_tag":[256],"class_list":{"0":"post-22045","1":"product","2":"type-product","3":"status-publish","4":"has-post-thumbnail","6":"product_cat-dessertteller","7":"product_tag-rot","9":"first","10":"instock","11":"taxable","12":"shipping-taxable","13":"purchasable","14":"product-type-simple"},"yoast_head":"<!-- This site is optimized with the Yoast SEO plugin v27.5 - https:\/\/yoast.com\/product\/yoast-seo-wordpress\/ -->\n<title>Dessertteller Rot - Poterie de Crestet<\/title>\n<meta name=\"description\" content=\"Roter Dessertteller, voller Charme und Charakter. Kombinieren Sie sie mit passenden Bechern, T\u00f6pfen oder L\u00f6ffelst\u00fctzen f\u00fcr einen farbenfrohen Tisch.\" \/>\n<meta name=\"robots\" content=\"index, follow, max-snippet:-1, max-image-preview:large, max-video-preview:-1\" \/>\n<link rel=\"canonical\" href=\"https:\/\/poterie-de-crestet.com\/de\/keramik\/dessertteller-rot\/\" \/>\n<meta property=\"og:locale\" content=\"de_DE\" \/>\n<meta property=\"og:type\" content=\"article\" \/>\n<meta property=\"og:title\" content=\"Dessertteller Rot - Poterie de Crestet\" \/>\n<meta property=\"og:description\" content=\"Roter Dessertteller, voller Charme und Charakter. Kombinieren Sie sie mit passenden Bechern, T\u00f6pfen oder L\u00f6ffelst\u00fctzen f\u00fcr einen farbenfrohen Tisch.\" \/>\n<meta property=\"og:url\" content=\"https:\/\/poterie-de-crestet.com\/de\/keramik\/dessertteller-rot\/\" \/>\n<meta property=\"og:site_name\" content=\"Poterie de Crestet\" \/>\n<meta property=\"og:image\" content=\"https:\/\/i0.wp.com\/poterie-de-crestet.com\/wp-content\/uploads\/2025\/04\/assiette-carre-rouge.jpg?fit=458%2C458&ssl=1\" \/>\n\t<meta property=\"og:image:width\" content=\"458\" \/>\n\t<meta property=\"og:image:height\" content=\"458\" \/>\n\t<meta property=\"og:image:type\" content=\"image\/jpeg\" \/>\n<meta name=\"twitter:card\" content=\"summary_large_image\" \/>\n<script type=\"application\/ld+json\" class=\"yoast-schema-graph\">{\"@context\":\"https:\\\/\\\/schema.org\",\"@graph\":[{\"@type\":\"WebPage\",\"@id\":\"https:\\\/\\\/poterie-de-crestet.com\\\/de\\\/keramik\\\/dessertteller-rot\\\/\",\"url\":\"https:\\\/\\\/poterie-de-crestet.com\\\/de\\\/keramik\\\/dessertteller-rot\\\/\",\"name\":\"Dessertteller Rot - Poterie de Crestet\",\"isPartOf\":{\"@id\":\"https:\\\/\\\/poterie-de-crestet.com\\\/de\\\/#website\"},\"primaryImageOfPage\":{\"@id\":\"https:\\\/\\\/poterie-de-crestet.com\\\/de\\\/keramik\\\/dessertteller-rot\\\/#primaryimage\"},\"image\":{\"@id\":\"https:\\\/\\\/poterie-de-crestet.com\\\/de\\\/keramik\\\/dessertteller-rot\\\/#primaryimage\"},\"thumbnailUrl\":\"https:\\\/\\\/i0.wp.com\\\/poterie-de-crestet.com\\\/wp-content\\\/uploads\\\/2025\\\/04\\\/assiette-carre-rouge.jpg?fit=458%2C458&ssl=1\",\"datePublished\":\"2025-04-08T08:24:24+00:00\",\"description\":\"Roter Dessertteller, voller Charme und Charakter. Kombinieren Sie sie mit passenden Bechern, T\u00f6pfen oder L\u00f6ffelst\u00fctzen f\u00fcr einen farbenfrohen Tisch.\",\"breadcrumb\":{\"@id\":\"https:\\\/\\\/poterie-de-crestet.com\\\/de\\\/keramik\\\/dessertteller-rot\\\/#breadcrumb\"},\"inLanguage\":\"de\",\"potentialAction\":[{\"@type\":\"ReadAction\",\"target\":[\"https:\\\/\\\/poterie-de-crestet.com\\\/de\\\/keramik\\\/dessertteller-rot\\\/\"]}]},{\"@type\":\"ImageObject\",\"inLanguage\":\"de\",\"@id\":\"https:\\\/\\\/poterie-de-crestet.com\\\/de\\\/keramik\\\/dessertteller-rot\\\/#primaryimage\",\"url\":\"https:\\\/\\\/i0.wp.com\\\/poterie-de-crestet.com\\\/wp-content\\\/uploads\\\/2025\\\/04\\\/assiette-carre-rouge.jpg?fit=458%2C458&ssl=1\",\"contentUrl\":\"https:\\\/\\\/i0.wp.com\\\/poterie-de-crestet.com\\\/wp-content\\\/uploads\\\/2025\\\/04\\\/assiette-carre-rouge.jpg?fit=458%2C458&ssl=1\",\"width\":458,\"height\":458,\"caption\":\"Roter Quadratteller: Ein Dessert oder Servierplatte\"},{\"@type\":\"BreadcrumbList\",\"@id\":\"https:\\\/\\\/poterie-de-crestet.com\\\/de\\\/keramik\\\/dessertteller-rot\\\/#breadcrumb\",\"itemListElement\":[{\"@type\":\"ListItem\",\"position\":1,\"name\":\"Accueil\",\"item\":\"https:\\\/\\\/poterie-de-crestet.com\\\/de\\\/accueil\\\/\"},{\"@type\":\"ListItem\",\"position\":2,\"name\":\"Boutique\",\"item\":\"https:\\\/\\\/poterie-de-crestet.com\\\/ceramiques\\\/\"},{\"@type\":\"ListItem\",\"position\":3,\"name\":\"Dessertteller Rot\"}]},{\"@type\":\"WebSite\",\"@id\":\"https:\\\/\\\/poterie-de-crestet.com\\\/de\\\/#website\",\"url\":\"https:\\\/\\\/poterie-de-crestet.com\\\/de\\\/\",\"name\":\"Poterie de Crestet\",\"description\":\"Des milliers de poteries inpir\u00e9es de la Provence\",\"publisher\":{\"@id\":\"https:\\\/\\\/poterie-de-crestet.com\\\/de\\\/#organization\"},\"potentialAction\":[{\"@type\":\"SearchAction\",\"target\":{\"@type\":\"EntryPoint\",\"urlTemplate\":\"https:\\\/\\\/poterie-de-crestet.com\\\/de\\\/?s={search_term_string}\"},\"query-input\":{\"@type\":\"PropertyValueSpecification\",\"valueRequired\":true,\"valueName\":\"search_term_string\"}}],\"inLanguage\":\"de\"},{\"@type\":\"Organization\",\"@id\":\"https:\\\/\\\/poterie-de-crestet.com\\\/de\\\/#organization\",\"name\":\"Poterie de Crestet\",\"url\":\"https:\\\/\\\/poterie-de-crestet.com\\\/de\\\/\",\"logo\":{\"@type\":\"ImageObject\",\"inLanguage\":\"de\",\"@id\":\"https:\\\/\\\/poterie-de-crestet.com\\\/de\\\/#\\\/schema\\\/logo\\\/image\\\/\",\"url\":\"https:\\\/\\\/i0.wp.com\\\/poterie-de-crestet.com\\\/wp-content\\\/uploads\\\/2025\\\/03\\\/Propo-4.png?fit=1000%2C462&ssl=1\",\"contentUrl\":\"https:\\\/\\\/i0.wp.com\\\/poterie-de-crestet.com\\\/wp-content\\\/uploads\\\/2025\\\/03\\\/Propo-4.png?fit=1000%2C462&ssl=1\",\"width\":1000,\"height\":462,\"caption\":\"Poterie de Crestet\"},\"image\":{\"@id\":\"https:\\\/\\\/poterie-de-crestet.com\\\/de\\\/#\\\/schema\\\/logo\\\/image\\\/\"}}]}<\/script>\n<!-- \/ Yoast SEO plugin. -->","yoast_head_json":{"title":"Dessertteller Rot - Poterie de Crestet","description":"Roter Dessertteller, voller Charme und Charakter. Kombinieren Sie sie mit passenden Bechern, T\u00f6pfen oder L\u00f6ffelst\u00fctzen f\u00fcr einen farbenfrohen Tisch.","robots":{"index":"index","follow":"follow","max-snippet":"max-snippet:-1","max-image-preview":"max-image-preview:large","max-video-preview":"max-video-preview:-1"},"canonical":"https:\/\/poterie-de-crestet.com\/de\/keramik\/dessertteller-rot\/","og_locale":"de_DE","og_type":"article","og_title":"Dessertteller Rot - Poterie de Crestet","og_description":"Roter Dessertteller, voller Charme und Charakter. Kombinieren Sie sie mit passenden Bechern, T\u00f6pfen oder L\u00f6ffelst\u00fctzen f\u00fcr einen farbenfrohen Tisch.","og_url":"https:\/\/poterie-de-crestet.com\/de\/keramik\/dessertteller-rot\/","og_site_name":"Poterie de Crestet","og_image":[{"width":458,"height":458,"url":"https:\/\/i0.wp.com\/poterie-de-crestet.com\/wp-content\/uploads\/2025\/04\/assiette-carre-rouge.jpg?fit=458%2C458&ssl=1","type":"image\/jpeg"}],"twitter_card":"summary_large_image","schema":{"@context":"https:\/\/schema.org","@graph":[{"@type":"WebPage","@id":"https:\/\/poterie-de-crestet.com\/de\/keramik\/dessertteller-rot\/","url":"https:\/\/poterie-de-crestet.com\/de\/keramik\/dessertteller-rot\/","name":"Dessertteller Rot - Poterie de Crestet","isPartOf":{"@id":"https:\/\/poterie-de-crestet.com\/de\/#website"},"primaryImageOfPage":{"@id":"https:\/\/poterie-de-crestet.com\/de\/keramik\/dessertteller-rot\/#primaryimage"},"image":{"@id":"https:\/\/poterie-de-crestet.com\/de\/keramik\/dessertteller-rot\/#primaryimage"},"thumbnailUrl":"https:\/\/i0.wp.com\/poterie-de-crestet.com\/wp-content\/uploads\/2025\/04\/assiette-carre-rouge.jpg?fit=458%2C458&ssl=1","datePublished":"2025-04-08T08:24:24+00:00","description":"Roter Dessertteller, voller Charme und Charakter. Kombinieren Sie sie mit passenden Bechern, T\u00f6pfen oder L\u00f6ffelst\u00fctzen f\u00fcr einen farbenfrohen Tisch.","breadcrumb":{"@id":"https:\/\/poterie-de-crestet.com\/de\/keramik\/dessertteller-rot\/#breadcrumb"},"inLanguage":"de","potentialAction":[{"@type":"ReadAction","target":["https:\/\/poterie-de-crestet.com\/de\/keramik\/dessertteller-rot\/"]}]},{"@type":"ImageObject","inLanguage":"de","@id":"https:\/\/poterie-de-crestet.com\/de\/keramik\/dessertteller-rot\/#primaryimage","url":"https:\/\/i0.wp.com\/poterie-de-crestet.com\/wp-content\/uploads\/2025\/04\/assiette-carre-rouge.jpg?fit=458%2C458&ssl=1","contentUrl":"https:\/\/i0.wp.com\/poterie-de-crestet.com\/wp-content\/uploads\/2025\/04\/assiette-carre-rouge.jpg?fit=458%2C458&ssl=1","width":458,"height":458,"caption":"Roter Quadratteller: Ein Dessert oder Servierplatte"},{"@type":"BreadcrumbList","@id":"https:\/\/poterie-de-crestet.com\/de\/keramik\/dessertteller-rot\/#breadcrumb","itemListElement":[{"@type":"ListItem","position":1,"name":"Accueil","item":"https:\/\/poterie-de-crestet.com\/de\/accueil\/"},{"@type":"ListItem","position":2,"name":"Boutique","item":"https:\/\/poterie-de-crestet.com\/ceramiques\/"},{"@type":"ListItem","position":3,"name":"Dessertteller Rot"}]},{"@type":"WebSite","@id":"https:\/\/poterie-de-crestet.com\/de\/#website","url":"https:\/\/poterie-de-crestet.com\/de\/","name":"Poterie de Crestet","description":"Des milliers de poteries inpir\u00e9es de la Provence","publisher":{"@id":"https:\/\/poterie-de-crestet.com\/de\/#organization"},"potentialAction":[{"@type":"SearchAction","target":{"@type":"EntryPoint","urlTemplate":"https:\/\/poterie-de-crestet.com\/de\/?s={search_term_string}"},"query-input":{"@type":"PropertyValueSpecification","valueRequired":true,"valueName":"search_term_string"}}],"inLanguage":"de"},{"@type":"Organization","@id":"https:\/\/poterie-de-crestet.com\/de\/#organization","name":"Poterie de Crestet","url":"https:\/\/poterie-de-crestet.com\/de\/","logo":{"@type":"ImageObject","inLanguage":"de","@id":"https:\/\/poterie-de-crestet.com\/de\/#\/schema\/logo\/image\/","url":"https:\/\/i0.wp.com\/poterie-de-crestet.com\/wp-content\/uploads\/2025\/03\/Propo-4.png?fit=1000%2C462&ssl=1","contentUrl":"https:\/\/i0.wp.com\/poterie-de-crestet.com\/wp-content\/uploads\/2025\/03\/Propo-4.png?fit=1000%2C462&ssl=1","width":1000,"height":462,"caption":"Poterie de Crestet"},"image":{"@id":"https:\/\/poterie-de-crestet.com\/de\/#\/schema\/logo\/image\/"}}]}},"jetpack_sharing_enabled":true,"_links":{"self":[{"href":"https:\/\/poterie-de-crestet.com\/de\/wp-json\/wp\/v2\/product\/22045","targetHints":{"allow":["GET"]}}],"collection":[{"href":"https:\/\/poterie-de-crestet.com\/de\/wp-json\/wp\/v2\/product"}],"about":[{"href":"https:\/\/poterie-de-crestet.com\/de\/wp-json\/wp\/v2\/types\/product"}],"replies":[{"embeddable":true,"href":"https:\/\/poterie-de-crestet.com\/de\/wp-json\/wp\/v2\/comments?post=22045"}],"version-history":[{"count":0,"href":"https:\/\/poterie-de-crestet.com\/de\/wp-json\/wp\/v2\/product\/22045\/revisions"}],"wp:featuredmedia":[{"embeddable":true,"href":"https:\/\/poterie-de-crestet.com\/de\/wp-json\/wp\/v2\/media\/5930"}],"wp:attachment":[{"href":"https:\/\/poterie-de-crestet.com\/de\/wp-json\/wp\/v2\/media?parent=22045"}],"wp:term":[{"taxonomy":"product_brand","embeddable":true,"href":"https:\/\/poterie-de-crestet.com\/de\/wp-json\/wp\/v2\/product_brand?post=22045"},{"taxonomy":"product_cat","embeddable":true,"href":"https:\/\/poterie-de-crestet.com\/de\/wp-json\/wp\/v2\/product_cat?post=22045"},{"taxonomy":"product_tag","embeddable":true,"href":"https:\/\/poterie-de-crestet.com\/de\/wp-json\/wp\/v2\/product_tag?post=22045"}],"curies":[{"name":"wp","href":"https:\/\/api.w.org\/{rel}","templated":true}]}}

<p>Der rote Dessertteller bringt Energie und Großzügigkeit in Ihren Tisch. Sein tiefes Rot, voller Charakter, erinnert an die provenzalischen Sonnenuntergänge und die farbenfrohen Stände der Märkte. Es eignet sich ideal für ein Stück Kuchen, frischen Ziegenkäse oder sehr reife Früchte.  </p>
<p>Robust und angenehm zu benutzen (Ofen, Mikrowelle, Geschirrspüler), ist er ebenso ästhetisch wie unerlässlich.</p>
<p>Er passt perfekt zu <a href="https://poterie-de-crestet.com/de/keramik/loeffelauflage-rot/"><strong data-start="643" data-end="663">Löffelruhen</strong></a>, <a href="https://poterie-de-crestet.com/de/keramik/knoblauchreibe-rot/"><strong data-start="669" data-end="683">Knoblauchreiben</strong></a> oder <a href="https://poterie-de-crestet.com/de/keramik/bowl-rot-2/"><strong data-start="691" data-end="711">roten Bechern</strong> für</a> einen Tisch voller Lebendigkeit.</p>

<p>Ein leuchtendes und leuchtendes Rot, das die Farben deiner Gerichte hervorhebt. Bietet Energie und Wärme. </p>
<p><br data-start="3731" data-end="3734"><strong><em>20,4 x 20,4 cm – H 2,5 cm</em></strong></p>

<!-- This site is optimized with the Yoast SEO plugin v27.5 - https://yoast.com/product/yoast-seo-wordpress/ -->
<title>Dessertteller Rot - Poterie de Crestet</title>
<meta name="description" content="Roter Dessertteller, voller Charme und Charakter. Kombinieren Sie sie mit passenden Bechern, Töpfen oder Löffelstützen für einen farbenfrohen Tisch." />
<meta name="robots" content="index, follow, max-snippet:-1, max-image-preview:large, max-video-preview:-1" />
<link rel="canonical" href="https://poterie-de-crestet.com/de/keramik/dessertteller-rot/" />
<meta property="og:locale" content="de_DE" />
<meta property="og:type" content="article" />
<meta property="og:title" content="Dessertteller Rot - Poterie de Crestet" />
<meta property="og:description" content="Roter Dessertteller, voller Charme und Charakter. Kombinieren Sie sie mit passenden Bechern, Töpfen oder Löffelstützen für einen farbenfrohen Tisch." />
<meta property="og:url" content="https://poterie-de-crestet.com/de/keramik/dessertteller-rot/" />
<meta property="og:site_name" content="Poterie de Crestet" />
<meta property="og:image" content="https://i0.wp.com/poterie-de-crestet.com/wp-content/uploads/2025/04/assiette-carre-rouge.jpg?fit=458%2C458&ssl=1" />
	<meta property="og:image:width" content="458" />
	<meta property="og:image:height" content="458" />
	<meta property="og:image:type" content="image/jpeg" />
<meta name="twitter:card" content="summary_large_image" />
<script type="application/ld+json" class="yoast-schema-graph">{"@context":"https:\/\/schema.org","@graph":[{"@type":"WebPage","@id":"https:\/\/poterie-de-crestet.com\/de\/keramik\/dessertteller-rot\/","url":"https:\/\/poterie-de-crestet.com\/de\/keramik\/dessertteller-rot\/","name":"Dessertteller Rot - Poterie de Crestet","isPartOf":{"@id":"https:\/\/poterie-de-crestet.com\/de\/#website"},"primaryImageOfPage":{"@id":"https:\/\/poterie-de-crestet.com\/de\/keramik\/dessertteller-rot\/#primaryimage"},"image":{"@id":"https:\/\/poterie-de-crestet.com\/de\/keramik\/dessertteller-rot\/#primaryimage"},"thumbnailUrl":"https:\/\/i0.wp.com\/poterie-de-crestet.com\/wp-content\/uploads\/2025\/04\/assiette-carre-rouge.jpg?fit=458%2C458&ssl=1","datePublished":"2025-04-08T08:24:24+00:00","description":"Roter Dessertteller, voller Charme und Charakter. Kombinieren Sie sie mit passenden Bechern, Töpfen oder Löffelstützen für einen farbenfrohen Tisch.","breadcrumb":{"@id":"https:\/\/poterie-de-crestet.com\/de\/keramik\/dessertteller-rot\/#breadcrumb"},"inLanguage":"de","potentialAction":[{"@type":"ReadAction","target":["https:\/\/poterie-de-crestet.com\/de\/keramik\/dessertteller-rot\/"]}]},{"@type":"ImageObject","inLanguage":"de","@id":"https:\/\/poterie-de-crestet.com\/de\/keramik\/dessertteller-rot\/#primaryimage","url":"https:\/\/i0.wp.com\/poterie-de-crestet.com\/wp-content\/uploads\/2025\/04\/assiette-carre-rouge.jpg?fit=458%2C458&ssl=1","contentUrl":"https:\/\/i0.wp.com\/poterie-de-crestet.com\/wp-content\/uploads\/2025\/04\/assiette-carre-rouge.jpg?fit=458%2C458&ssl=1","width":458,"height":458,"caption":"Roter Quadratteller: Ein Dessert oder Servierplatte"},{"@type":"BreadcrumbList","@id":"https:\/\/poterie-de-crestet.com\/de\/keramik\/dessertteller-rot\/#breadcrumb","itemListElement":[{"@type":"ListItem","position":1,"name":"Accueil","item":"https:\/\/poterie-de-crestet.com\/de\/accueil\/"},{"@type":"ListItem","position":2,"name":"Boutique","item":"https:\/\/poterie-de-crestet.com\/ceramiques\/"},{"@type":"ListItem","position":3,"name":"Dessertteller Rot"}]},{"@type":"WebSite","@id":"https:\/\/poterie-de-crestet.com\/de\/#website","url":"https:\/\/poterie-de-crestet.com\/de\/","name":"Poterie de Crestet","description":"Des milliers de poteries inpirées de la Provence","publisher":{"@id":"https:\/\/poterie-de-crestet.com\/de\/#organization"},"potentialAction":[{"@type":"SearchAction","target":{"@type":"EntryPoint","urlTemplate":"https:\/\/poterie-de-crestet.com\/de\/?s={search_term_string}"},"query-input":{"@type":"PropertyValueSpecification","valueRequired":true,"valueName":"search_term_string"}}],"inLanguage":"de"},{"@type":"Organization","@id":"https:\/\/poterie-de-crestet.com\/de\/#organization","name":"Poterie de Crestet","url":"https:\/\/poterie-de-crestet.com\/de\/","logo":{"@type":"ImageObject","inLanguage":"de","@id":"https:\/\/poterie-de-crestet.com\/de\/#\/schema\/logo\/image\/","url":"https:\/\/i0.wp.com\/poterie-de-crestet.com\/wp-content\/uploads\/2025\/03\/Propo-4.png?fit=1000%2C462&ssl=1","contentUrl":"https:\/\/i0.wp.com\/poterie-de-crestet.com\/wp-content\/uploads\/2025\/03\/Propo-4.png?fit=1000%2C462&ssl=1","width":1000,"height":462,"caption":"Poterie de Crestet"},"image":{"@id":"https:\/\/poterie-de-crestet.com\/de\/#\/schema\/logo\/image\/"}}]}</script>
<!-- / Yoast SEO plugin. -->

Roter Dessertteller, voller Charme und Charakter. Kombinieren Sie sie mit passenden Bechern, Töpfen oder Löffelstützen für einen farbenfrohen Tisch.

Des milliers de poteries inpirées de la Provence
