{"id":19364,"date":"2025-04-10T15:27:43","date_gmt":"2025-04-10T13:27:43","guid":{"rendered":"https:\/\/poterie-de-crestet.com\/ceramiques\/kleiner-wandtopf-roter-platz\/"},"modified":"2025-04-10T15:27:43","modified_gmt":"2025-04-10T13:27:43","slug":"kleiner-wandtopf-roter-platz","status":"publish","type":"product","link":"https:\/\/poterie-de-crestet.com\/de\/keramik\/kleiner-wandtopf-roter-platz\/","title":{"rendered":"Kleiner Wandtopf  <h5>Roter Platz<\/h5>"},"content":{"rendered":"<p>Dieser kleine rote quadratische Wandtopf ist ideal f\u00fcr diejenigen, die Funktionalit\u00e4t und Farbe gerne verbinden m\u00f6chten. Ob es ein Kr\u00e4utertopf, ein Schmucktablett oder ein Badezimmertopf ist \u2013 es passt in jeden Raum des Hauses.<br data-start=\"1833\" data-end=\"1836\">Kombinieren Sie sie mit <strong data-start=\"1859\" data-end=\"1877\">mittelgro\u00dfen und gro\u00dfen<\/strong> Modellen f\u00fcr einen durchdachten dekorativen Effekt.<br data-start=\"1908\" data-end=\"1911\"><strong data-start=\"1921\" data-end=\"1941\">Handbemalt<\/strong>, <strong data-start=\"1943\" data-end=\"1972\">sp\u00fclmaschinenfest,<\/strong> <strong data-start=\"1987\" data-end=\"2010\">lebensmittelfeste<\/strong> Keramik.<br data-start=\"2011\" data-end=\"2014\">Bestellen Sie einfach mit <strong data-start=\"2040\" data-end=\"2061\">sicherer Bezahlung<\/strong>, Marktabholung oder <strong data-start=\"2081\" data-end=\"2102\">schnellem Versand<\/strong>.<br data-start=\"2103\" data-end=\"2106\">Dazu zu kombinieren mit einer <a class=\"\" href=\"#\" rel=\"noopener\" data-start=\"2124\" data-end=\"2158\">Carr\u00e9 Rouge-\u00d6lflasche<\/a> oder mit einem <a class=\"\" href=\"#\" rel=\"noopener\" data-start=\"2179\" data-end=\"2198\">selbstgemachten M\u00f6rser<\/a> zu kombinieren. <\/p>\n","protected":false},"excerpt":{"rendered":"<p>Wandmontierter Topf zum Aufh\u00e4ngen in der K\u00fcche oder auf der Terrasse f\u00fcr Ihre Lieblingskr\u00e4uter oder Blumen. Drinnen\/drau\u00dfen (frostfrei). <br data-start=\"649\" data-end=\"652\"><strong data-start=\"652\" data-end=\"692\"><em data-start=\"654\" data-end=\"690\">Ma\u00dfe: 18,5 \u00d7 16,5 \u00d7 12,8 cm<\/em><\/strong><\/p>\n","protected":false},"featured_media":7848,"comment_status":"open","ping_status":"closed","template":"","meta":[],"product_brand":[],"product_cat":[],"product_tag":[200],"class_list":{"0":"post-19364","1":"product","2":"type-product","3":"status-publish","4":"has-post-thumbnail","6":"product_tag-roter-platz","8":"first","9":"instock","10":"taxable","11":"shipping-taxable","12":"purchasable","13":"product-type-simple"},"yoast_head":"<!-- This site is optimized with the Yoast SEO plugin v27.5 - https:\/\/yoast.com\/product\/yoast-seo-wordpress\/ -->\n<title>Kleiner Wandtopf Roter Platz - Poterie de Crestet<\/title>\n<meta name=\"robots\" content=\"index, follow, max-snippet:-1, max-image-preview:large, max-video-preview:-1\" \/>\n<link rel=\"canonical\" href=\"https:\/\/poterie-de-crestet.com\/de\/keramik\/kleiner-wandtopf-roter-platz\/\" \/>\n<meta property=\"og:locale\" content=\"de_DE\" \/>\n<meta property=\"og:type\" content=\"article\" \/>\n<meta property=\"og:title\" content=\"Kleiner Wandtopf Roter Platz - Poterie de Crestet\" \/>\n<meta property=\"og:description\" content=\"Wandmontierter Topf zum Aufh\u00e4ngen in der K\u00fcche oder auf der Terrasse f\u00fcr Ihre Lieblingskr\u00e4uter oder Blumen. Drinnen\/drau\u00dfen (frostfrei). Ma\u00dfe: 18,5 \u00d7 16,5 \u00d7 12,8 cm\" \/>\n<meta property=\"og:url\" content=\"https:\/\/poterie-de-crestet.com\/de\/keramik\/kleiner-wandtopf-roter-platz\/\" \/>\n<meta property=\"og:site_name\" content=\"Poterie de Crestet\" \/>\n<meta property=\"og:image\" content=\"https:\/\/i0.wp.com\/poterie-de-crestet.com\/wp-content\/uploads\/2025\/04\/pot-mural-2-carre-rouge.jpg?fit=458%2C458&ssl=1\" \/>\n\t<meta property=\"og:image:width\" content=\"458\" \/>\n\t<meta property=\"og:image:height\" content=\"458\" \/>\n\t<meta property=\"og:image:type\" content=\"image\/jpeg\" \/>\n<meta name=\"twitter:card\" content=\"summary_large_image\" \/>\n<script type=\"application\/ld+json\" class=\"yoast-schema-graph\">{\"@context\":\"https:\\\/\\\/schema.org\",\"@graph\":[{\"@type\":\"WebPage\",\"@id\":\"https:\\\/\\\/poterie-de-crestet.com\\\/de\\\/keramik\\\/kleiner-wandtopf-roter-platz\\\/\",\"url\":\"https:\\\/\\\/poterie-de-crestet.com\\\/de\\\/keramik\\\/kleiner-wandtopf-roter-platz\\\/\",\"name\":\"Kleiner Wandtopf Roter Platz - Poterie de Crestet\",\"isPartOf\":{\"@id\":\"https:\\\/\\\/poterie-de-crestet.com\\\/de\\\/#website\"},\"primaryImageOfPage\":{\"@id\":\"https:\\\/\\\/poterie-de-crestet.com\\\/de\\\/keramik\\\/kleiner-wandtopf-roter-platz\\\/#primaryimage\"},\"image\":{\"@id\":\"https:\\\/\\\/poterie-de-crestet.com\\\/de\\\/keramik\\\/kleiner-wandtopf-roter-platz\\\/#primaryimage\"},\"thumbnailUrl\":\"https:\\\/\\\/i0.wp.com\\\/poterie-de-crestet.com\\\/wp-content\\\/uploads\\\/2025\\\/04\\\/pot-mural-2-carre-rouge.jpg?fit=458%2C458&ssl=1\",\"datePublished\":\"2025-04-10T13:27:43+00:00\",\"breadcrumb\":{\"@id\":\"https:\\\/\\\/poterie-de-crestet.com\\\/de\\\/keramik\\\/kleiner-wandtopf-roter-platz\\\/#breadcrumb\"},\"inLanguage\":\"de\",\"potentialAction\":[{\"@type\":\"ReadAction\",\"target\":[\"https:\\\/\\\/poterie-de-crestet.com\\\/de\\\/keramik\\\/kleiner-wandtopf-roter-platz\\\/\"]}]},{\"@type\":\"ImageObject\",\"inLanguage\":\"de\",\"@id\":\"https:\\\/\\\/poterie-de-crestet.com\\\/de\\\/keramik\\\/kleiner-wandtopf-roter-platz\\\/#primaryimage\",\"url\":\"https:\\\/\\\/i0.wp.com\\\/poterie-de-crestet.com\\\/wp-content\\\/uploads\\\/2025\\\/04\\\/pot-mural-2-carre-rouge.jpg?fit=458%2C458&ssl=1\",\"contentUrl\":\"https:\\\/\\\/i0.wp.com\\\/poterie-de-crestet.com\\\/wp-content\\\/uploads\\\/2025\\\/04\\\/pot-mural-2-carre-rouge.jpg?fit=458%2C458&ssl=1\",\"width\":458,\"height\":458},{\"@type\":\"BreadcrumbList\",\"@id\":\"https:\\\/\\\/poterie-de-crestet.com\\\/de\\\/keramik\\\/kleiner-wandtopf-roter-platz\\\/#breadcrumb\",\"itemListElement\":[{\"@type\":\"ListItem\",\"position\":1,\"name\":\"Accueil\",\"item\":\"https:\\\/\\\/poterie-de-crestet.com\\\/de\\\/accueil\\\/\"},{\"@type\":\"ListItem\",\"position\":2,\"name\":\"Boutique\",\"item\":\"https:\\\/\\\/poterie-de-crestet.com\\\/ceramiques\\\/\"},{\"@type\":\"ListItem\",\"position\":3,\"name\":\"Kleiner Wandtopf Roter Platz\"}]},{\"@type\":\"WebSite\",\"@id\":\"https:\\\/\\\/poterie-de-crestet.com\\\/de\\\/#website\",\"url\":\"https:\\\/\\\/poterie-de-crestet.com\\\/de\\\/\",\"name\":\"Poterie de Crestet\",\"description\":\"Des milliers de poteries inpir\u00e9es de la Provence\",\"publisher\":{\"@id\":\"https:\\\/\\\/poterie-de-crestet.com\\\/de\\\/#organization\"},\"potentialAction\":[{\"@type\":\"SearchAction\",\"target\":{\"@type\":\"EntryPoint\",\"urlTemplate\":\"https:\\\/\\\/poterie-de-crestet.com\\\/de\\\/?s={search_term_string}\"},\"query-input\":{\"@type\":\"PropertyValueSpecification\",\"valueRequired\":true,\"valueName\":\"search_term_string\"}}],\"inLanguage\":\"de\"},{\"@type\":\"Organization\",\"@id\":\"https:\\\/\\\/poterie-de-crestet.com\\\/de\\\/#organization\",\"name\":\"Poterie de Crestet\",\"url\":\"https:\\\/\\\/poterie-de-crestet.com\\\/de\\\/\",\"logo\":{\"@type\":\"ImageObject\",\"inLanguage\":\"de\",\"@id\":\"https:\\\/\\\/poterie-de-crestet.com\\\/de\\\/#\\\/schema\\\/logo\\\/image\\\/\",\"url\":\"https:\\\/\\\/i0.wp.com\\\/poterie-de-crestet.com\\\/wp-content\\\/uploads\\\/2025\\\/03\\\/Propo-4.png?fit=1000%2C462&ssl=1\",\"contentUrl\":\"https:\\\/\\\/i0.wp.com\\\/poterie-de-crestet.com\\\/wp-content\\\/uploads\\\/2025\\\/03\\\/Propo-4.png?fit=1000%2C462&ssl=1\",\"width\":1000,\"height\":462,\"caption\":\"Poterie de Crestet\"},\"image\":{\"@id\":\"https:\\\/\\\/poterie-de-crestet.com\\\/de\\\/#\\\/schema\\\/logo\\\/image\\\/\"}}]}<\/script>\n<!-- \/ Yoast SEO plugin. -->","yoast_head_json":{"title":"Kleiner Wandtopf Roter Platz - Poterie de Crestet","robots":{"index":"index","follow":"follow","max-snippet":"max-snippet:-1","max-image-preview":"max-image-preview:large","max-video-preview":"max-video-preview:-1"},"canonical":"https:\/\/poterie-de-crestet.com\/de\/keramik\/kleiner-wandtopf-roter-platz\/","og_locale":"de_DE","og_type":"article","og_title":"Kleiner Wandtopf Roter Platz - Poterie de Crestet","og_description":"Wandmontierter Topf zum Aufh\u00e4ngen in der K\u00fcche oder auf der Terrasse f\u00fcr Ihre Lieblingskr\u00e4uter oder Blumen. Drinnen\/drau\u00dfen (frostfrei). Ma\u00dfe: 18,5 \u00d7 16,5 \u00d7 12,8 cm","og_url":"https:\/\/poterie-de-crestet.com\/de\/keramik\/kleiner-wandtopf-roter-platz\/","og_site_name":"Poterie de Crestet","og_image":[{"width":458,"height":458,"url":"https:\/\/i0.wp.com\/poterie-de-crestet.com\/wp-content\/uploads\/2025\/04\/pot-mural-2-carre-rouge.jpg?fit=458%2C458&ssl=1","type":"image\/jpeg"}],"twitter_card":"summary_large_image","schema":{"@context":"https:\/\/schema.org","@graph":[{"@type":"WebPage","@id":"https:\/\/poterie-de-crestet.com\/de\/keramik\/kleiner-wandtopf-roter-platz\/","url":"https:\/\/poterie-de-crestet.com\/de\/keramik\/kleiner-wandtopf-roter-platz\/","name":"Kleiner Wandtopf Roter Platz - Poterie de Crestet","isPartOf":{"@id":"https:\/\/poterie-de-crestet.com\/de\/#website"},"primaryImageOfPage":{"@id":"https:\/\/poterie-de-crestet.com\/de\/keramik\/kleiner-wandtopf-roter-platz\/#primaryimage"},"image":{"@id":"https:\/\/poterie-de-crestet.com\/de\/keramik\/kleiner-wandtopf-roter-platz\/#primaryimage"},"thumbnailUrl":"https:\/\/i0.wp.com\/poterie-de-crestet.com\/wp-content\/uploads\/2025\/04\/pot-mural-2-carre-rouge.jpg?fit=458%2C458&ssl=1","datePublished":"2025-04-10T13:27:43+00:00","breadcrumb":{"@id":"https:\/\/poterie-de-crestet.com\/de\/keramik\/kleiner-wandtopf-roter-platz\/#breadcrumb"},"inLanguage":"de","potentialAction":[{"@type":"ReadAction","target":["https:\/\/poterie-de-crestet.com\/de\/keramik\/kleiner-wandtopf-roter-platz\/"]}]},{"@type":"ImageObject","inLanguage":"de","@id":"https:\/\/poterie-de-crestet.com\/de\/keramik\/kleiner-wandtopf-roter-platz\/#primaryimage","url":"https:\/\/i0.wp.com\/poterie-de-crestet.com\/wp-content\/uploads\/2025\/04\/pot-mural-2-carre-rouge.jpg?fit=458%2C458&ssl=1","contentUrl":"https:\/\/i0.wp.com\/poterie-de-crestet.com\/wp-content\/uploads\/2025\/04\/pot-mural-2-carre-rouge.jpg?fit=458%2C458&ssl=1","width":458,"height":458},{"@type":"BreadcrumbList","@id":"https:\/\/poterie-de-crestet.com\/de\/keramik\/kleiner-wandtopf-roter-platz\/#breadcrumb","itemListElement":[{"@type":"ListItem","position":1,"name":"Accueil","item":"https:\/\/poterie-de-crestet.com\/de\/accueil\/"},{"@type":"ListItem","position":2,"name":"Boutique","item":"https:\/\/poterie-de-crestet.com\/ceramiques\/"},{"@type":"ListItem","position":3,"name":"Kleiner Wandtopf Roter Platz"}]},{"@type":"WebSite","@id":"https:\/\/poterie-de-crestet.com\/de\/#website","url":"https:\/\/poterie-de-crestet.com\/de\/","name":"Poterie de Crestet","description":"Des milliers de poteries inpir\u00e9es de la Provence","publisher":{"@id":"https:\/\/poterie-de-crestet.com\/de\/#organization"},"potentialAction":[{"@type":"SearchAction","target":{"@type":"EntryPoint","urlTemplate":"https:\/\/poterie-de-crestet.com\/de\/?s={search_term_string}"},"query-input":{"@type":"PropertyValueSpecification","valueRequired":true,"valueName":"search_term_string"}}],"inLanguage":"de"},{"@type":"Organization","@id":"https:\/\/poterie-de-crestet.com\/de\/#organization","name":"Poterie de Crestet","url":"https:\/\/poterie-de-crestet.com\/de\/","logo":{"@type":"ImageObject","inLanguage":"de","@id":"https:\/\/poterie-de-crestet.com\/de\/#\/schema\/logo\/image\/","url":"https:\/\/i0.wp.com\/poterie-de-crestet.com\/wp-content\/uploads\/2025\/03\/Propo-4.png?fit=1000%2C462&ssl=1","contentUrl":"https:\/\/i0.wp.com\/poterie-de-crestet.com\/wp-content\/uploads\/2025\/03\/Propo-4.png?fit=1000%2C462&ssl=1","width":1000,"height":462,"caption":"Poterie de Crestet"},"image":{"@id":"https:\/\/poterie-de-crestet.com\/de\/#\/schema\/logo\/image\/"}}]}},"jetpack_sharing_enabled":true,"_links":{"self":[{"href":"https:\/\/poterie-de-crestet.com\/de\/wp-json\/wp\/v2\/product\/19364","targetHints":{"allow":["GET"]}}],"collection":[{"href":"https:\/\/poterie-de-crestet.com\/de\/wp-json\/wp\/v2\/product"}],"about":[{"href":"https:\/\/poterie-de-crestet.com\/de\/wp-json\/wp\/v2\/types\/product"}],"replies":[{"embeddable":true,"href":"https:\/\/poterie-de-crestet.com\/de\/wp-json\/wp\/v2\/comments?post=19364"}],"version-history":[{"count":0,"href":"https:\/\/poterie-de-crestet.com\/de\/wp-json\/wp\/v2\/product\/19364\/revisions"}],"wp:featuredmedia":[{"embeddable":true,"href":"https:\/\/poterie-de-crestet.com\/de\/wp-json\/wp\/v2\/media\/7848"}],"wp:attachment":[{"href":"https:\/\/poterie-de-crestet.com\/de\/wp-json\/wp\/v2\/media?parent=19364"}],"wp:term":[{"taxonomy":"product_brand","embeddable":true,"href":"https:\/\/poterie-de-crestet.com\/de\/wp-json\/wp\/v2\/product_brand?post=19364"},{"taxonomy":"product_cat","embeddable":true,"href":"https:\/\/poterie-de-crestet.com\/de\/wp-json\/wp\/v2\/product_cat?post=19364"},{"taxonomy":"product_tag","embeddable":true,"href":"https:\/\/poterie-de-crestet.com\/de\/wp-json\/wp\/v2\/product_tag?post=19364"}],"curies":[{"name":"wp","href":"https:\/\/api.w.org\/{rel}","templated":true}]}}

<p>Dieser kleine rote quadratische Wandtopf ist ideal für diejenigen, die Funktionalität und Farbe gerne verbinden möchten. Ob es ein Kräutertopf, ein Schmucktablett oder ein Badezimmertopf ist – es passt in jeden Raum des Hauses.<br data-start="1833" data-end="1836">Kombinieren Sie sie mit <strong data-start="1859" data-end="1877">mittelgroßen und großen</strong> Modellen für einen durchdachten dekorativen Effekt.<br data-start="1908" data-end="1911"><strong data-start="1921" data-end="1941">Handbemalt</strong>, <strong data-start="1943" data-end="1972">spülmaschinenfest,</strong> <strong data-start="1987" data-end="2010">lebensmittelfeste</strong> Keramik.<br data-start="2011" data-end="2014">Bestellen Sie einfach mit <strong data-start="2040" data-end="2061">sicherer Bezahlung</strong>, Marktabholung oder <strong data-start="2081" data-end="2102">schnellem Versand</strong>.<br data-start="2103" data-end="2106">Dazu zu kombinieren mit einer <a class="" href="#" rel="noopener" data-start="2124" data-end="2158">Carré Rouge-Ölflasche</a> oder mit einem <a class="" href="#" rel="noopener" data-start="2179" data-end="2198">selbstgemachten Mörser</a> zu kombinieren. </p>

<p>Wandmontierter Topf zum Aufhängen in der Küche oder auf der Terrasse für Ihre Lieblingskräuter oder Blumen. Drinnen/draußen (frostfrei). <br data-start="649" data-end="652"><strong data-start="652" data-end="692"><em data-start="654" data-end="690">Maße: 18,5 × 16,5 × 12,8 cm</em></strong></p>

<!-- This site is optimized with the Yoast SEO plugin v27.5 - https://yoast.com/product/yoast-seo-wordpress/ -->
<title>Kleiner Wandtopf Roter Platz - Poterie de Crestet</title>
<meta name="robots" content="index, follow, max-snippet:-1, max-image-preview:large, max-video-preview:-1" />
<link rel="canonical" href="https://poterie-de-crestet.com/de/keramik/kleiner-wandtopf-roter-platz/" />
<meta property="og:locale" content="de_DE" />
<meta property="og:type" content="article" />
<meta property="og:title" content="Kleiner Wandtopf Roter Platz - Poterie de Crestet" />
<meta property="og:description" content="Wandmontierter Topf zum Aufhängen in der Küche oder auf der Terrasse für Ihre Lieblingskräuter oder Blumen. Drinnen/draußen (frostfrei). Maße: 18,5 × 16,5 × 12,8 cm" />
<meta property="og:url" content="https://poterie-de-crestet.com/de/keramik/kleiner-wandtopf-roter-platz/" />
<meta property="og:site_name" content="Poterie de Crestet" />
<meta property="og:image" content="https://i0.wp.com/poterie-de-crestet.com/wp-content/uploads/2025/04/pot-mural-2-carre-rouge.jpg?fit=458%2C458&ssl=1" />
	<meta property="og:image:width" content="458" />
	<meta property="og:image:height" content="458" />
	<meta property="og:image:type" content="image/jpeg" />
<meta name="twitter:card" content="summary_large_image" />
<script type="application/ld+json" class="yoast-schema-graph">{"@context":"https:\/\/schema.org","@graph":[{"@type":"WebPage","@id":"https:\/\/poterie-de-crestet.com\/de\/keramik\/kleiner-wandtopf-roter-platz\/","url":"https:\/\/poterie-de-crestet.com\/de\/keramik\/kleiner-wandtopf-roter-platz\/","name":"Kleiner Wandtopf Roter Platz - Poterie de Crestet","isPartOf":{"@id":"https:\/\/poterie-de-crestet.com\/de\/#website"},"primaryImageOfPage":{"@id":"https:\/\/poterie-de-crestet.com\/de\/keramik\/kleiner-wandtopf-roter-platz\/#primaryimage"},"image":{"@id":"https:\/\/poterie-de-crestet.com\/de\/keramik\/kleiner-wandtopf-roter-platz\/#primaryimage"},"thumbnailUrl":"https:\/\/i0.wp.com\/poterie-de-crestet.com\/wp-content\/uploads\/2025\/04\/pot-mural-2-carre-rouge.jpg?fit=458%2C458&ssl=1","datePublished":"2025-04-10T13:27:43+00:00","breadcrumb":{"@id":"https:\/\/poterie-de-crestet.com\/de\/keramik\/kleiner-wandtopf-roter-platz\/#breadcrumb"},"inLanguage":"de","potentialAction":[{"@type":"ReadAction","target":["https:\/\/poterie-de-crestet.com\/de\/keramik\/kleiner-wandtopf-roter-platz\/"]}]},{"@type":"ImageObject","inLanguage":"de","@id":"https:\/\/poterie-de-crestet.com\/de\/keramik\/kleiner-wandtopf-roter-platz\/#primaryimage","url":"https:\/\/i0.wp.com\/poterie-de-crestet.com\/wp-content\/uploads\/2025\/04\/pot-mural-2-carre-rouge.jpg?fit=458%2C458&ssl=1","contentUrl":"https:\/\/i0.wp.com\/poterie-de-crestet.com\/wp-content\/uploads\/2025\/04\/pot-mural-2-carre-rouge.jpg?fit=458%2C458&ssl=1","width":458,"height":458},{"@type":"BreadcrumbList","@id":"https:\/\/poterie-de-crestet.com\/de\/keramik\/kleiner-wandtopf-roter-platz\/#breadcrumb","itemListElement":[{"@type":"ListItem","position":1,"name":"Accueil","item":"https:\/\/poterie-de-crestet.com\/de\/accueil\/"},{"@type":"ListItem","position":2,"name":"Boutique","item":"https:\/\/poterie-de-crestet.com\/ceramiques\/"},{"@type":"ListItem","position":3,"name":"Kleiner Wandtopf Roter Platz"}]},{"@type":"WebSite","@id":"https:\/\/poterie-de-crestet.com\/de\/#website","url":"https:\/\/poterie-de-crestet.com\/de\/","name":"Poterie de Crestet","description":"Des milliers de poteries inpirées de la Provence","publisher":{"@id":"https:\/\/poterie-de-crestet.com\/de\/#organization"},"potentialAction":[{"@type":"SearchAction","target":{"@type":"EntryPoint","urlTemplate":"https:\/\/poterie-de-crestet.com\/de\/?s={search_term_string}"},"query-input":{"@type":"PropertyValueSpecification","valueRequired":true,"valueName":"search_term_string"}}],"inLanguage":"de"},{"@type":"Organization","@id":"https:\/\/poterie-de-crestet.com\/de\/#organization","name":"Poterie de Crestet","url":"https:\/\/poterie-de-crestet.com\/de\/","logo":{"@type":"ImageObject","inLanguage":"de","@id":"https:\/\/poterie-de-crestet.com\/de\/#\/schema\/logo\/image\/","url":"https:\/\/i0.wp.com\/poterie-de-crestet.com\/wp-content\/uploads\/2025\/03\/Propo-4.png?fit=1000%2C462&ssl=1","contentUrl":"https:\/\/i0.wp.com\/poterie-de-crestet.com\/wp-content\/uploads\/2025\/03\/Propo-4.png?fit=1000%2C462&ssl=1","width":1000,"height":462,"caption":"Poterie de Crestet"},"image":{"@id":"https:\/\/poterie-de-crestet.com\/de\/#\/schema\/logo\/image\/"}}]}</script>
<!-- / Yoast SEO plugin. -->

Wandmontierter Topf zum Aufhängen in der Küche oder auf der Terrasse für Ihre Lieblingskräuter oder Blumen. Drinnen/draußen (frostfrei). Maße: 18,5 × 16,5 × 12,8 cm

Des milliers de poteries inpirées de la Provence
