{"id":18108,"date":"2025-04-09T22:27:49","date_gmt":"2025-04-09T20:27:49","guid":{"rendered":"https:\/\/poterie-de-crestet.com\/ceramiques\/aperitif-gericht-15-uhr-gruene-blaetter\/"},"modified":"2025-12-24T12:27:37","modified_gmt":"2025-12-24T11:27:37","slug":"plat-apero-3-pm-feuilles-vertes","status":"publish","type":"product","link":"https:\/\/poterie-de-crestet.com\/de\/keramik\/plat-apero-3-pm-feuilles-vertes\/","title":{"rendered":"Aperitif-Gericht 15 Uhr <h5>Gr\u00fcne Bl\u00e4tter"},"content":{"rendered":"<p>Ideal f\u00fcr kleine selbstgemachte Aperitifs, ist dieses aufgeteilte Green Leaves-Gericht frisch, praktisch und angenehm zu verarbeiten.<br data-start=\"2418\" data-end=\"2421\">Drei kleine Zonen, um die Aromen zu variieren, ohne den Tisch zu \u00fcberladen.<br data-start=\"2489\" data-end=\"2492\">Handbemalt und sp\u00fclmaschinenfest, passt er in jede Atmosph\u00e4re.<br data-start=\"2574\" data-end=\"2577\"><strong data-start=\"2577\" data-end=\"2685\">Um mit einer <a class=\"\" href=\"#\" rel=\"noopener\" data-start=\"2596\" data-end=\"2624\">Green Leaves-Schale<\/a> kombiniert zu werden oder mit einer <a class=\"\" href=\"#\" rel=\"noopener\" data-start=\"2650\" data-end=\"2682\">Coloured Drops Salzhand<\/a> geweckt zu werden.<\/strong><\/p>\n","protected":false},"excerpt":{"rendered":"<p>Kleines, abgetrenntes Modell, um die Geschmacksrichtungen m\u00fchelos zu variieren.<br data-start=\"794\" data-end=\"797\"><strong data-start=\"797\" data-end=\"825\"><em data-start=\"799\" data-end=\"823\">Abmessungen: 14 \u00d7 4 cm<\/em><\/strong><\/p>\n","protected":false},"featured_media":7224,"comment_status":"open","ping_status":"closed","template":"","meta":[],"product_brand":[],"product_cat":[279],"product_tag":[315],"class_list":{"0":"post-18108","1":"product","2":"type-product","3":"status-publish","4":"has-post-thumbnail","6":"product_cat-vorspeisengerichte","7":"product_tag-grune-blatter","9":"first","10":"outofstock","11":"taxable","12":"shipping-taxable","13":"purchasable","14":"product-type-simple"},"yoast_head":"<!-- This site is optimized with the Yoast SEO plugin v27.5 - https:\/\/yoast.com\/product\/yoast-seo-wordpress\/ -->\n<title>Aperitif-Gericht 15 Uhr Gr\u00fcne Bl\u00e4tter - Poterie de Crestet<\/title>\n<meta name=\"robots\" content=\"index, follow, max-snippet:-1, max-image-preview:large, max-video-preview:-1\" \/>\n<link rel=\"canonical\" href=\"https:\/\/poterie-de-crestet.com\/de\/keramik\/plat-apero-3-pm-feuilles-vertes\/\" \/>\n<meta property=\"og:locale\" content=\"de_DE\" \/>\n<meta property=\"og:type\" content=\"article\" \/>\n<meta property=\"og:title\" content=\"Aperitif-Gericht 15 Uhr Gr\u00fcne Bl\u00e4tter - Poterie de Crestet\" \/>\n<meta property=\"og:description\" content=\"Kleines, abgetrenntes Modell, um die Geschmacksrichtungen m\u00fchelos zu variieren.Abmessungen: 14 \u00d7 4 cm\" \/>\n<meta property=\"og:url\" content=\"https:\/\/poterie-de-crestet.com\/de\/keramik\/plat-apero-3-pm-feuilles-vertes\/\" \/>\n<meta property=\"og:site_name\" content=\"Poterie de Crestet\" \/>\n<meta property=\"article:modified_time\" content=\"2025-12-24T11:27:37+00:00\" \/>\n<meta property=\"og:image\" content=\"https:\/\/i0.wp.com\/poterie-de-crestet.com\/wp-content\/uploads\/2025\/04\/Poterie-du-Crestet1080.jpg?fit=800%2C532&ssl=1\" \/>\n\t<meta property=\"og:image:width\" content=\"800\" \/>\n\t<meta property=\"og:image:height\" content=\"532\" \/>\n\t<meta property=\"og:image:type\" content=\"image\/jpeg\" \/>\n<meta name=\"twitter:card\" content=\"summary_large_image\" \/>\n<script type=\"application\/ld+json\" class=\"yoast-schema-graph\">{\"@context\":\"https:\\\/\\\/schema.org\",\"@graph\":[{\"@type\":\"WebPage\",\"@id\":\"https:\\\/\\\/poterie-de-crestet.com\\\/de\\\/keramik\\\/plat-apero-3-pm-feuilles-vertes\\\/\",\"url\":\"https:\\\/\\\/poterie-de-crestet.com\\\/de\\\/keramik\\\/plat-apero-3-pm-feuilles-vertes\\\/\",\"name\":\"Aperitif-Gericht 15 Uhr Gr\u00fcne Bl\u00e4tter - Poterie de Crestet\",\"isPartOf\":{\"@id\":\"https:\\\/\\\/poterie-de-crestet.com\\\/de\\\/#website\"},\"primaryImageOfPage\":{\"@id\":\"https:\\\/\\\/poterie-de-crestet.com\\\/de\\\/keramik\\\/plat-apero-3-pm-feuilles-vertes\\\/#primaryimage\"},\"image\":{\"@id\":\"https:\\\/\\\/poterie-de-crestet.com\\\/de\\\/keramik\\\/plat-apero-3-pm-feuilles-vertes\\\/#primaryimage\"},\"thumbnailUrl\":\"https:\\\/\\\/i0.wp.com\\\/poterie-de-crestet.com\\\/wp-content\\\/uploads\\\/2025\\\/04\\\/Poterie-du-Crestet1080.jpg?fit=800%2C532&ssl=1\",\"datePublished\":\"2025-04-09T20:27:49+00:00\",\"dateModified\":\"2025-12-24T11:27:37+00:00\",\"breadcrumb\":{\"@id\":\"https:\\\/\\\/poterie-de-crestet.com\\\/de\\\/keramik\\\/plat-apero-3-pm-feuilles-vertes\\\/#breadcrumb\"},\"inLanguage\":\"de\",\"potentialAction\":[{\"@type\":\"ReadAction\",\"target\":[\"https:\\\/\\\/poterie-de-crestet.com\\\/de\\\/keramik\\\/plat-apero-3-pm-feuilles-vertes\\\/\"]}]},{\"@type\":\"ImageObject\",\"inLanguage\":\"de\",\"@id\":\"https:\\\/\\\/poterie-de-crestet.com\\\/de\\\/keramik\\\/plat-apero-3-pm-feuilles-vertes\\\/#primaryimage\",\"url\":\"https:\\\/\\\/i0.wp.com\\\/poterie-de-crestet.com\\\/wp-content\\\/uploads\\\/2025\\\/04\\\/Poterie-du-Crestet1080.jpg?fit=800%2C532&ssl=1\",\"contentUrl\":\"https:\\\/\\\/i0.wp.com\\\/poterie-de-crestet.com\\\/wp-content\\\/uploads\\\/2025\\\/04\\\/Poterie-du-Crestet1080.jpg?fit=800%2C532&ssl=1\",\"width\":800,\"height\":532},{\"@type\":\"BreadcrumbList\",\"@id\":\"https:\\\/\\\/poterie-de-crestet.com\\\/de\\\/keramik\\\/plat-apero-3-pm-feuilles-vertes\\\/#breadcrumb\",\"itemListElement\":[{\"@type\":\"ListItem\",\"position\":1,\"name\":\"Accueil\",\"item\":\"https:\\\/\\\/poterie-de-crestet.com\\\/de\\\/accueil\\\/\"},{\"@type\":\"ListItem\",\"position\":2,\"name\":\"Boutique\",\"item\":\"https:\\\/\\\/poterie-de-crestet.com\\\/ceramiques\\\/\"},{\"@type\":\"ListItem\",\"position\":3,\"name\":\"Aperitif-Gericht 15 Uhr Gr\u00fcne Bl\u00e4tter\"}]},{\"@type\":\"WebSite\",\"@id\":\"https:\\\/\\\/poterie-de-crestet.com\\\/de\\\/#website\",\"url\":\"https:\\\/\\\/poterie-de-crestet.com\\\/de\\\/\",\"name\":\"Poterie de Crestet\",\"description\":\"Des milliers de poteries inpir\u00e9es de la Provence\",\"publisher\":{\"@id\":\"https:\\\/\\\/poterie-de-crestet.com\\\/de\\\/#organization\"},\"potentialAction\":[{\"@type\":\"SearchAction\",\"target\":{\"@type\":\"EntryPoint\",\"urlTemplate\":\"https:\\\/\\\/poterie-de-crestet.com\\\/de\\\/?s={search_term_string}\"},\"query-input\":{\"@type\":\"PropertyValueSpecification\",\"valueRequired\":true,\"valueName\":\"search_term_string\"}}],\"inLanguage\":\"de\"},{\"@type\":\"Organization\",\"@id\":\"https:\\\/\\\/poterie-de-crestet.com\\\/de\\\/#organization\",\"name\":\"Poterie de Crestet\",\"url\":\"https:\\\/\\\/poterie-de-crestet.com\\\/de\\\/\",\"logo\":{\"@type\":\"ImageObject\",\"inLanguage\":\"de\",\"@id\":\"https:\\\/\\\/poterie-de-crestet.com\\\/de\\\/#\\\/schema\\\/logo\\\/image\\\/\",\"url\":\"https:\\\/\\\/i0.wp.com\\\/poterie-de-crestet.com\\\/wp-content\\\/uploads\\\/2025\\\/03\\\/Propo-4.png?fit=1000%2C462&ssl=1\",\"contentUrl\":\"https:\\\/\\\/i0.wp.com\\\/poterie-de-crestet.com\\\/wp-content\\\/uploads\\\/2025\\\/03\\\/Propo-4.png?fit=1000%2C462&ssl=1\",\"width\":1000,\"height\":462,\"caption\":\"Poterie de Crestet\"},\"image\":{\"@id\":\"https:\\\/\\\/poterie-de-crestet.com\\\/de\\\/#\\\/schema\\\/logo\\\/image\\\/\"}}]}<\/script>\n<!-- \/ Yoast SEO plugin. -->","yoast_head_json":{"title":"Aperitif-Gericht 15 Uhr Gr\u00fcne Bl\u00e4tter - Poterie de Crestet","robots":{"index":"index","follow":"follow","max-snippet":"max-snippet:-1","max-image-preview":"max-image-preview:large","max-video-preview":"max-video-preview:-1"},"canonical":"https:\/\/poterie-de-crestet.com\/de\/keramik\/plat-apero-3-pm-feuilles-vertes\/","og_locale":"de_DE","og_type":"article","og_title":"Aperitif-Gericht 15 Uhr Gr\u00fcne Bl\u00e4tter - Poterie de Crestet","og_description":"Kleines, abgetrenntes Modell, um die Geschmacksrichtungen m\u00fchelos zu variieren.Abmessungen: 14 \u00d7 4 cm","og_url":"https:\/\/poterie-de-crestet.com\/de\/keramik\/plat-apero-3-pm-feuilles-vertes\/","og_site_name":"Poterie de Crestet","article_modified_time":"2025-12-24T11:27:37+00:00","og_image":[{"width":800,"height":532,"url":"https:\/\/i0.wp.com\/poterie-de-crestet.com\/wp-content\/uploads\/2025\/04\/Poterie-du-Crestet1080.jpg?fit=800%2C532&ssl=1","type":"image\/jpeg"}],"twitter_card":"summary_large_image","schema":{"@context":"https:\/\/schema.org","@graph":[{"@type":"WebPage","@id":"https:\/\/poterie-de-crestet.com\/de\/keramik\/plat-apero-3-pm-feuilles-vertes\/","url":"https:\/\/poterie-de-crestet.com\/de\/keramik\/plat-apero-3-pm-feuilles-vertes\/","name":"Aperitif-Gericht 15 Uhr Gr\u00fcne Bl\u00e4tter - Poterie de Crestet","isPartOf":{"@id":"https:\/\/poterie-de-crestet.com\/de\/#website"},"primaryImageOfPage":{"@id":"https:\/\/poterie-de-crestet.com\/de\/keramik\/plat-apero-3-pm-feuilles-vertes\/#primaryimage"},"image":{"@id":"https:\/\/poterie-de-crestet.com\/de\/keramik\/plat-apero-3-pm-feuilles-vertes\/#primaryimage"},"thumbnailUrl":"https:\/\/i0.wp.com\/poterie-de-crestet.com\/wp-content\/uploads\/2025\/04\/Poterie-du-Crestet1080.jpg?fit=800%2C532&ssl=1","datePublished":"2025-04-09T20:27:49+00:00","dateModified":"2025-12-24T11:27:37+00:00","breadcrumb":{"@id":"https:\/\/poterie-de-crestet.com\/de\/keramik\/plat-apero-3-pm-feuilles-vertes\/#breadcrumb"},"inLanguage":"de","potentialAction":[{"@type":"ReadAction","target":["https:\/\/poterie-de-crestet.com\/de\/keramik\/plat-apero-3-pm-feuilles-vertes\/"]}]},{"@type":"ImageObject","inLanguage":"de","@id":"https:\/\/poterie-de-crestet.com\/de\/keramik\/plat-apero-3-pm-feuilles-vertes\/#primaryimage","url":"https:\/\/i0.wp.com\/poterie-de-crestet.com\/wp-content\/uploads\/2025\/04\/Poterie-du-Crestet1080.jpg?fit=800%2C532&ssl=1","contentUrl":"https:\/\/i0.wp.com\/poterie-de-crestet.com\/wp-content\/uploads\/2025\/04\/Poterie-du-Crestet1080.jpg?fit=800%2C532&ssl=1","width":800,"height":532},{"@type":"BreadcrumbList","@id":"https:\/\/poterie-de-crestet.com\/de\/keramik\/plat-apero-3-pm-feuilles-vertes\/#breadcrumb","itemListElement":[{"@type":"ListItem","position":1,"name":"Accueil","item":"https:\/\/poterie-de-crestet.com\/de\/accueil\/"},{"@type":"ListItem","position":2,"name":"Boutique","item":"https:\/\/poterie-de-crestet.com\/ceramiques\/"},{"@type":"ListItem","position":3,"name":"Aperitif-Gericht 15 Uhr Gr\u00fcne Bl\u00e4tter"}]},{"@type":"WebSite","@id":"https:\/\/poterie-de-crestet.com\/de\/#website","url":"https:\/\/poterie-de-crestet.com\/de\/","name":"Poterie de Crestet","description":"Des milliers de poteries inpir\u00e9es de la Provence","publisher":{"@id":"https:\/\/poterie-de-crestet.com\/de\/#organization"},"potentialAction":[{"@type":"SearchAction","target":{"@type":"EntryPoint","urlTemplate":"https:\/\/poterie-de-crestet.com\/de\/?s={search_term_string}"},"query-input":{"@type":"PropertyValueSpecification","valueRequired":true,"valueName":"search_term_string"}}],"inLanguage":"de"},{"@type":"Organization","@id":"https:\/\/poterie-de-crestet.com\/de\/#organization","name":"Poterie de Crestet","url":"https:\/\/poterie-de-crestet.com\/de\/","logo":{"@type":"ImageObject","inLanguage":"de","@id":"https:\/\/poterie-de-crestet.com\/de\/#\/schema\/logo\/image\/","url":"https:\/\/i0.wp.com\/poterie-de-crestet.com\/wp-content\/uploads\/2025\/03\/Propo-4.png?fit=1000%2C462&ssl=1","contentUrl":"https:\/\/i0.wp.com\/poterie-de-crestet.com\/wp-content\/uploads\/2025\/03\/Propo-4.png?fit=1000%2C462&ssl=1","width":1000,"height":462,"caption":"Poterie de Crestet"},"image":{"@id":"https:\/\/poterie-de-crestet.com\/de\/#\/schema\/logo\/image\/"}}]}},"jetpack_sharing_enabled":true,"_links":{"self":[{"href":"https:\/\/poterie-de-crestet.com\/de\/wp-json\/wp\/v2\/product\/18108","targetHints":{"allow":["GET"]}}],"collection":[{"href":"https:\/\/poterie-de-crestet.com\/de\/wp-json\/wp\/v2\/product"}],"about":[{"href":"https:\/\/poterie-de-crestet.com\/de\/wp-json\/wp\/v2\/types\/product"}],"replies":[{"embeddable":true,"href":"https:\/\/poterie-de-crestet.com\/de\/wp-json\/wp\/v2\/comments?post=18108"}],"version-history":[{"count":1,"href":"https:\/\/poterie-de-crestet.com\/de\/wp-json\/wp\/v2\/product\/18108\/revisions"}],"predecessor-version":[{"id":22383,"href":"https:\/\/poterie-de-crestet.com\/de\/wp-json\/wp\/v2\/product\/18108\/revisions\/22383"}],"wp:featuredmedia":[{"embeddable":true,"href":"https:\/\/poterie-de-crestet.com\/de\/wp-json\/wp\/v2\/media\/7224"}],"wp:attachment":[{"href":"https:\/\/poterie-de-crestet.com\/de\/wp-json\/wp\/v2\/media?parent=18108"}],"wp:term":[{"taxonomy":"product_brand","embeddable":true,"href":"https:\/\/poterie-de-crestet.com\/de\/wp-json\/wp\/v2\/product_brand?post=18108"},{"taxonomy":"product_cat","embeddable":true,"href":"https:\/\/poterie-de-crestet.com\/de\/wp-json\/wp\/v2\/product_cat?post=18108"},{"taxonomy":"product_tag","embeddable":true,"href":"https:\/\/poterie-de-crestet.com\/de\/wp-json\/wp\/v2\/product_tag?post=18108"}],"curies":[{"name":"wp","href":"https:\/\/api.w.org\/{rel}","templated":true}]}}

Aperitif-Gericht 15 Uhr <h5>Grüne Blätter

<p>Ideal für kleine selbstgemachte Aperitifs, ist dieses aufgeteilte Green Leaves-Gericht frisch, praktisch und angenehm zu verarbeiten.<br data-start="2418" data-end="2421">Drei kleine Zonen, um die Aromen zu variieren, ohne den Tisch zu überladen.<br data-start="2489" data-end="2492">Handbemalt und spülmaschinenfest, passt er in jede Atmosphäre.<br data-start="2574" data-end="2577"><strong data-start="2577" data-end="2685">Um mit einer <a class="" href="#" rel="noopener" data-start="2596" data-end="2624">Green Leaves-Schale</a> kombiniert zu werden oder mit einer <a class="" href="#" rel="noopener" data-start="2650" data-end="2682">Coloured Drops Salzhand</a> geweckt zu werden.</strong></p>

<p>Kleines, abgetrenntes Modell, um die Geschmacksrichtungen mühelos zu variieren.<br data-start="794" data-end="797"><strong data-start="797" data-end="825"><em data-start="799" data-end="823">Abmessungen: 14 × 4 cm</em></strong></p>

<!-- This site is optimized with the Yoast SEO plugin v27.5 - https://yoast.com/product/yoast-seo-wordpress/ -->
<title>Aperitif-Gericht 15 Uhr Grüne Blätter - Poterie de Crestet</title>
<meta name="robots" content="index, follow, max-snippet:-1, max-image-preview:large, max-video-preview:-1" />
<link rel="canonical" href="https://poterie-de-crestet.com/de/keramik/plat-apero-3-pm-feuilles-vertes/" />
<meta property="og:locale" content="de_DE" />
<meta property="og:type" content="article" />
<meta property="og:title" content="Aperitif-Gericht 15 Uhr Grüne Blätter - Poterie de Crestet" />
<meta property="og:description" content="Kleines, abgetrenntes Modell, um die Geschmacksrichtungen mühelos zu variieren.Abmessungen: 14 × 4 cm" />
<meta property="og:url" content="https://poterie-de-crestet.com/de/keramik/plat-apero-3-pm-feuilles-vertes/" />
<meta property="og:site_name" content="Poterie de Crestet" />
<meta property="article:modified_time" content="2025-12-24T11:27:37+00:00" />
<meta property="og:image" content="https://i0.wp.com/poterie-de-crestet.com/wp-content/uploads/2025/04/Poterie-du-Crestet1080.jpg?fit=800%2C532&ssl=1" />
	<meta property="og:image:width" content="800" />
	<meta property="og:image:height" content="532" />
	<meta property="og:image:type" content="image/jpeg" />
<meta name="twitter:card" content="summary_large_image" />
<script type="application/ld+json" class="yoast-schema-graph">{"@context":"https:\/\/schema.org","@graph":[{"@type":"WebPage","@id":"https:\/\/poterie-de-crestet.com\/de\/keramik\/plat-apero-3-pm-feuilles-vertes\/","url":"https:\/\/poterie-de-crestet.com\/de\/keramik\/plat-apero-3-pm-feuilles-vertes\/","name":"Aperitif-Gericht 15 Uhr Grüne Blätter - Poterie de Crestet","isPartOf":{"@id":"https:\/\/poterie-de-crestet.com\/de\/#website"},"primaryImageOfPage":{"@id":"https:\/\/poterie-de-crestet.com\/de\/keramik\/plat-apero-3-pm-feuilles-vertes\/#primaryimage"},"image":{"@id":"https:\/\/poterie-de-crestet.com\/de\/keramik\/plat-apero-3-pm-feuilles-vertes\/#primaryimage"},"thumbnailUrl":"https:\/\/i0.wp.com\/poterie-de-crestet.com\/wp-content\/uploads\/2025\/04\/Poterie-du-Crestet1080.jpg?fit=800%2C532&ssl=1","datePublished":"2025-04-09T20:27:49+00:00","dateModified":"2025-12-24T11:27:37+00:00","breadcrumb":{"@id":"https:\/\/poterie-de-crestet.com\/de\/keramik\/plat-apero-3-pm-feuilles-vertes\/#breadcrumb"},"inLanguage":"de","potentialAction":[{"@type":"ReadAction","target":["https:\/\/poterie-de-crestet.com\/de\/keramik\/plat-apero-3-pm-feuilles-vertes\/"]}]},{"@type":"ImageObject","inLanguage":"de","@id":"https:\/\/poterie-de-crestet.com\/de\/keramik\/plat-apero-3-pm-feuilles-vertes\/#primaryimage","url":"https:\/\/i0.wp.com\/poterie-de-crestet.com\/wp-content\/uploads\/2025\/04\/Poterie-du-Crestet1080.jpg?fit=800%2C532&ssl=1","contentUrl":"https:\/\/i0.wp.com\/poterie-de-crestet.com\/wp-content\/uploads\/2025\/04\/Poterie-du-Crestet1080.jpg?fit=800%2C532&ssl=1","width":800,"height":532},{"@type":"BreadcrumbList","@id":"https:\/\/poterie-de-crestet.com\/de\/keramik\/plat-apero-3-pm-feuilles-vertes\/#breadcrumb","itemListElement":[{"@type":"ListItem","position":1,"name":"Accueil","item":"https:\/\/poterie-de-crestet.com\/de\/accueil\/"},{"@type":"ListItem","position":2,"name":"Boutique","item":"https:\/\/poterie-de-crestet.com\/ceramiques\/"},{"@type":"ListItem","position":3,"name":"Aperitif-Gericht 15 Uhr Grüne Blätter"}]},{"@type":"WebSite","@id":"https:\/\/poterie-de-crestet.com\/de\/#website","url":"https:\/\/poterie-de-crestet.com\/de\/","name":"Poterie de Crestet","description":"Des milliers de poteries inpirées de la Provence","publisher":{"@id":"https:\/\/poterie-de-crestet.com\/de\/#organization"},"potentialAction":[{"@type":"SearchAction","target":{"@type":"EntryPoint","urlTemplate":"https:\/\/poterie-de-crestet.com\/de\/?s={search_term_string}"},"query-input":{"@type":"PropertyValueSpecification","valueRequired":true,"valueName":"search_term_string"}}],"inLanguage":"de"},{"@type":"Organization","@id":"https:\/\/poterie-de-crestet.com\/de\/#organization","name":"Poterie de Crestet","url":"https:\/\/poterie-de-crestet.com\/de\/","logo":{"@type":"ImageObject","inLanguage":"de","@id":"https:\/\/poterie-de-crestet.com\/de\/#\/schema\/logo\/image\/","url":"https:\/\/i0.wp.com\/poterie-de-crestet.com\/wp-content\/uploads\/2025\/03\/Propo-4.png?fit=1000%2C462&ssl=1","contentUrl":"https:\/\/i0.wp.com\/poterie-de-crestet.com\/wp-content\/uploads\/2025\/03\/Propo-4.png?fit=1000%2C462&ssl=1","width":1000,"height":462,"caption":"Poterie de Crestet"},"image":{"@id":"https:\/\/poterie-de-crestet.com\/de\/#\/schema\/logo\/image\/"}}]}</script>
<!-- / Yoast SEO plugin. -->

Aperitif-Gericht 15 Uhr Grüne Blätter - Poterie de Crestet

Kleines, abgetrenntes Modell, um die Geschmacksrichtungen mühelos zu variieren.Abmessungen: 14 × 4 cm

Aperitif-Gericht 15 Uhr Grüne Blätter

Des milliers de poteries inpirées de la Provence
