{"id":17500,"date":"2025-04-08T10:24:31","date_gmt":"2025-04-08T08:24:31","guid":{"rendered":"https:\/\/poterie-de-crestet.com\/ceramiques\/butterschale-rosa-erde\/"},"modified":"2025-04-08T10:24:31","modified_gmt":"2025-04-08T08:24:31","slug":"butterschale-rosa-erde","status":"publish","type":"product","link":"https:\/\/poterie-de-crestet.com\/de\/keramik\/butterschale-rosa-erde\/","title":{"rendered":"Butterschale  <h5>Rosa Erde<\/h5>"},"content":{"rendered":"<p>Die <strong data-start=\"2527\" data-end=\"2539\">Sol-Rosenbutterschale<\/strong> ist die perfekte Kombination aus Weichheit und Verfeinerung. Mit seiner handbemalten Dekoration in zarten Farbt\u00f6nen verleiht sie Ihrem Tisch eine feminine und warme Note. <g id=\"gid_1\">Der Pink Sol<\/g> ist ideal, um Ihre Butter bei Zimmertemperatur zu halten und sie t\u00e4glich besser zu verbreiten.<br data-start=\"2838\" data-end=\"2841\">Das schlanke Design dieses Modells erm\u00f6glicht es, sich perfekt in alle Arten von Dekorationen einzuf\u00fcgen, sei es zeitgen\u00f6ssisch oder traditioneller. Und was die Praktikabilit\u00e4t angeht, sollte es nicht \u00fcbertroffen werden: Es ist vollst\u00e4ndig kompatibel mit Geschirrsp\u00fcler, Mikrowelle und sogar dem Ofen und sorgt sorgenfreie Wartung.<br data-start=\"3156\" data-end=\"3159\">Tipp f\u00fcr Kochbegeisterte: Dieses Buttergericht kann auch f\u00fcr andere Produkte verwendet werden, wie frische Kr\u00e4uter oder kleine K\u00e4seportionen, um den Alltag zu erleichtern.<br data-start=\"3366\" data-end=\"3369\"><g id=\"gid_2\">Der Pink Sol<\/g> konserviert nicht nur Butter: Er wird zu einem echten Dekorationsobjekt auf Ihrem Tisch und verleiht jeder Mahlzeit einen Hauch von Weichheit und Raffinesse. F\u00fcr diejenigen, die einen dezent femininen Stil m\u00f6gen, ist dieses Modell die perfekte Wahl.    <\/p>\n","protected":false},"excerpt":{"rendered":"<p>Eine praktische Butterschale mit zartem Ton, perfekt f\u00fcr weiche K\u00fcchen.<br data-start=\"3269\" data-end=\"3272\"><strong data-start=\"3272\" data-end=\"3309\"><em data-start=\"3274\" data-end=\"3307\">Ma\u00dfe: 20,5 \u00d7 13 \u00d7 8,5 cm<\/em><\/strong><\/p>\n","protected":false},"featured_media":6020,"comment_status":"open","ping_status":"closed","template":"","meta":[],"product_brand":[],"product_cat":[216],"product_tag":[232],"class_list":{"0":"post-17500","1":"product","2":"type-product","3":"status-publish","4":"has-post-thumbnail","6":"product_cat-butterdose","7":"product_tag-rosa-erde","9":"first","10":"instock","11":"taxable","12":"shipping-taxable","13":"purchasable","14":"product-type-simple"},"yoast_head":"<!-- This site is optimized with the Yoast SEO plugin v27.5 - https:\/\/yoast.com\/product\/yoast-seo-wordpress\/ -->\n<title>Butterschale Rosa Erde - Poterie de Crestet<\/title>\n<meta name=\"description\" content=\"Rosa Sol Butterschale, handgemalte, zarte Dekoration. Ideal, um das Fr\u00fchst\u00fcck mit Feinheit zu begleiten.\" \/>\n<meta name=\"robots\" content=\"index, follow, max-snippet:-1, max-image-preview:large, max-video-preview:-1\" \/>\n<link rel=\"canonical\" href=\"https:\/\/poterie-de-crestet.com\/de\/keramik\/butterschale-rosa-erde\/\" \/>\n<meta property=\"og:locale\" content=\"de_DE\" \/>\n<meta property=\"og:type\" content=\"article\" \/>\n<meta property=\"og:title\" content=\"Butterschale Rosa Erde - Poterie de Crestet\" \/>\n<meta property=\"og:description\" content=\"Rosa Sol Butterschale, handgemalte, zarte Dekoration. Ideal, um das Fr\u00fchst\u00fcck mit Feinheit zu begleiten.\" \/>\n<meta property=\"og:url\" content=\"https:\/\/poterie-de-crestet.com\/de\/keramik\/butterschale-rosa-erde\/\" \/>\n<meta property=\"og:site_name\" content=\"Poterie de Crestet\" \/>\n<meta property=\"og:image\" content=\"https:\/\/i0.wp.com\/poterie-de-crestet.com\/wp-content\/uploads\/2025\/04\/beurrier-sol-rose.jpg?fit=458%2C458&ssl=1\" \/>\n\t<meta property=\"og:image:width\" content=\"458\" \/>\n\t<meta property=\"og:image:height\" content=\"458\" \/>\n\t<meta property=\"og:image:type\" content=\"image\/jpeg\" \/>\n<meta name=\"twitter:card\" content=\"summary_large_image\" \/>\n<meta name=\"twitter:label1\" content=\"Gesch\u00e4tzte Lesezeit\" \/>\n\t<meta name=\"twitter:data1\" content=\"1\u00a0Minute\" \/>\n<script type=\"application\/ld+json\" class=\"yoast-schema-graph\">{\"@context\":\"https:\\\/\\\/schema.org\",\"@graph\":[{\"@type\":\"WebPage\",\"@id\":\"https:\\\/\\\/poterie-de-crestet.com\\\/de\\\/keramik\\\/butterschale-rosa-erde\\\/\",\"url\":\"https:\\\/\\\/poterie-de-crestet.com\\\/de\\\/keramik\\\/butterschale-rosa-erde\\\/\",\"name\":\"Butterschale Rosa Erde - Poterie de Crestet\",\"isPartOf\":{\"@id\":\"https:\\\/\\\/poterie-de-crestet.com\\\/de\\\/#website\"},\"primaryImageOfPage\":{\"@id\":\"https:\\\/\\\/poterie-de-crestet.com\\\/de\\\/keramik\\\/butterschale-rosa-erde\\\/#primaryimage\"},\"image\":{\"@id\":\"https:\\\/\\\/poterie-de-crestet.com\\\/de\\\/keramik\\\/butterschale-rosa-erde\\\/#primaryimage\"},\"thumbnailUrl\":\"https:\\\/\\\/i0.wp.com\\\/poterie-de-crestet.com\\\/wp-content\\\/uploads\\\/2025\\\/04\\\/beurrier-sol-rose.jpg?fit=458%2C458&ssl=1\",\"datePublished\":\"2025-04-08T08:24:31+00:00\",\"description\":\"Rosa Sol Butterschale, handgemalte, zarte Dekoration. Ideal, um das Fr\u00fchst\u00fcck mit Feinheit zu begleiten.\",\"breadcrumb\":{\"@id\":\"https:\\\/\\\/poterie-de-crestet.com\\\/de\\\/keramik\\\/butterschale-rosa-erde\\\/#breadcrumb\"},\"inLanguage\":\"de\",\"potentialAction\":[{\"@type\":\"ReadAction\",\"target\":[\"https:\\\/\\\/poterie-de-crestet.com\\\/de\\\/keramik\\\/butterschale-rosa-erde\\\/\"]}]},{\"@type\":\"ImageObject\",\"inLanguage\":\"de\",\"@id\":\"https:\\\/\\\/poterie-de-crestet.com\\\/de\\\/keramik\\\/butterschale-rosa-erde\\\/#primaryimage\",\"url\":\"https:\\\/\\\/i0.wp.com\\\/poterie-de-crestet.com\\\/wp-content\\\/uploads\\\/2025\\\/04\\\/beurrier-sol-rose.jpg?fit=458%2C458&ssl=1\",\"contentUrl\":\"https:\\\/\\\/i0.wp.com\\\/poterie-de-crestet.com\\\/wp-content\\\/uploads\\\/2025\\\/04\\\/beurrier-sol-rose.jpg?fit=458%2C458&ssl=1\",\"width\":458,\"height\":458,\"caption\":\"Rosa Bodenbutterschale\"},{\"@type\":\"BreadcrumbList\",\"@id\":\"https:\\\/\\\/poterie-de-crestet.com\\\/de\\\/keramik\\\/butterschale-rosa-erde\\\/#breadcrumb\",\"itemListElement\":[{\"@type\":\"ListItem\",\"position\":1,\"name\":\"Accueil\",\"item\":\"https:\\\/\\\/poterie-de-crestet.com\\\/de\\\/accueil\\\/\"},{\"@type\":\"ListItem\",\"position\":2,\"name\":\"Boutique\",\"item\":\"https:\\\/\\\/poterie-de-crestet.com\\\/ceramiques\\\/\"},{\"@type\":\"ListItem\",\"position\":3,\"name\":\"Butterschale Rosa Erde\"}]},{\"@type\":\"WebSite\",\"@id\":\"https:\\\/\\\/poterie-de-crestet.com\\\/de\\\/#website\",\"url\":\"https:\\\/\\\/poterie-de-crestet.com\\\/de\\\/\",\"name\":\"Poterie de Crestet\",\"description\":\"Des milliers de poteries inpir\u00e9es de la Provence\",\"publisher\":{\"@id\":\"https:\\\/\\\/poterie-de-crestet.com\\\/de\\\/#organization\"},\"potentialAction\":[{\"@type\":\"SearchAction\",\"target\":{\"@type\":\"EntryPoint\",\"urlTemplate\":\"https:\\\/\\\/poterie-de-crestet.com\\\/de\\\/?s={search_term_string}\"},\"query-input\":{\"@type\":\"PropertyValueSpecification\",\"valueRequired\":true,\"valueName\":\"search_term_string\"}}],\"inLanguage\":\"de\"},{\"@type\":\"Organization\",\"@id\":\"https:\\\/\\\/poterie-de-crestet.com\\\/de\\\/#organization\",\"name\":\"Poterie de Crestet\",\"url\":\"https:\\\/\\\/poterie-de-crestet.com\\\/de\\\/\",\"logo\":{\"@type\":\"ImageObject\",\"inLanguage\":\"de\",\"@id\":\"https:\\\/\\\/poterie-de-crestet.com\\\/de\\\/#\\\/schema\\\/logo\\\/image\\\/\",\"url\":\"https:\\\/\\\/i0.wp.com\\\/poterie-de-crestet.com\\\/wp-content\\\/uploads\\\/2025\\\/03\\\/Propo-4.png?fit=1000%2C462&ssl=1\",\"contentUrl\":\"https:\\\/\\\/i0.wp.com\\\/poterie-de-crestet.com\\\/wp-content\\\/uploads\\\/2025\\\/03\\\/Propo-4.png?fit=1000%2C462&ssl=1\",\"width\":1000,\"height\":462,\"caption\":\"Poterie de Crestet\"},\"image\":{\"@id\":\"https:\\\/\\\/poterie-de-crestet.com\\\/de\\\/#\\\/schema\\\/logo\\\/image\\\/\"}}]}<\/script>\n<!-- \/ Yoast SEO plugin. -->","yoast_head_json":{"title":"Butterschale Rosa Erde - Poterie de Crestet","description":"Rosa Sol Butterschale, handgemalte, zarte Dekoration. Ideal, um das Fr\u00fchst\u00fcck mit Feinheit zu begleiten.","robots":{"index":"index","follow":"follow","max-snippet":"max-snippet:-1","max-image-preview":"max-image-preview:large","max-video-preview":"max-video-preview:-1"},"canonical":"https:\/\/poterie-de-crestet.com\/de\/keramik\/butterschale-rosa-erde\/","og_locale":"de_DE","og_type":"article","og_title":"Butterschale Rosa Erde - Poterie de Crestet","og_description":"Rosa Sol Butterschale, handgemalte, zarte Dekoration. Ideal, um das Fr\u00fchst\u00fcck mit Feinheit zu begleiten.","og_url":"https:\/\/poterie-de-crestet.com\/de\/keramik\/butterschale-rosa-erde\/","og_site_name":"Poterie de Crestet","og_image":[{"width":458,"height":458,"url":"https:\/\/i0.wp.com\/poterie-de-crestet.com\/wp-content\/uploads\/2025\/04\/beurrier-sol-rose.jpg?fit=458%2C458&ssl=1","type":"image\/jpeg"}],"twitter_card":"summary_large_image","twitter_misc":{"Gesch\u00e4tzte Lesezeit":"1\u00a0Minute"},"schema":{"@context":"https:\/\/schema.org","@graph":[{"@type":"WebPage","@id":"https:\/\/poterie-de-crestet.com\/de\/keramik\/butterschale-rosa-erde\/","url":"https:\/\/poterie-de-crestet.com\/de\/keramik\/butterschale-rosa-erde\/","name":"Butterschale Rosa Erde - Poterie de Crestet","isPartOf":{"@id":"https:\/\/poterie-de-crestet.com\/de\/#website"},"primaryImageOfPage":{"@id":"https:\/\/poterie-de-crestet.com\/de\/keramik\/butterschale-rosa-erde\/#primaryimage"},"image":{"@id":"https:\/\/poterie-de-crestet.com\/de\/keramik\/butterschale-rosa-erde\/#primaryimage"},"thumbnailUrl":"https:\/\/i0.wp.com\/poterie-de-crestet.com\/wp-content\/uploads\/2025\/04\/beurrier-sol-rose.jpg?fit=458%2C458&ssl=1","datePublished":"2025-04-08T08:24:31+00:00","description":"Rosa Sol Butterschale, handgemalte, zarte Dekoration. Ideal, um das Fr\u00fchst\u00fcck mit Feinheit zu begleiten.","breadcrumb":{"@id":"https:\/\/poterie-de-crestet.com\/de\/keramik\/butterschale-rosa-erde\/#breadcrumb"},"inLanguage":"de","potentialAction":[{"@type":"ReadAction","target":["https:\/\/poterie-de-crestet.com\/de\/keramik\/butterschale-rosa-erde\/"]}]},{"@type":"ImageObject","inLanguage":"de","@id":"https:\/\/poterie-de-crestet.com\/de\/keramik\/butterschale-rosa-erde\/#primaryimage","url":"https:\/\/i0.wp.com\/poterie-de-crestet.com\/wp-content\/uploads\/2025\/04\/beurrier-sol-rose.jpg?fit=458%2C458&ssl=1","contentUrl":"https:\/\/i0.wp.com\/poterie-de-crestet.com\/wp-content\/uploads\/2025\/04\/beurrier-sol-rose.jpg?fit=458%2C458&ssl=1","width":458,"height":458,"caption":"Rosa Bodenbutterschale"},{"@type":"BreadcrumbList","@id":"https:\/\/poterie-de-crestet.com\/de\/keramik\/butterschale-rosa-erde\/#breadcrumb","itemListElement":[{"@type":"ListItem","position":1,"name":"Accueil","item":"https:\/\/poterie-de-crestet.com\/de\/accueil\/"},{"@type":"ListItem","position":2,"name":"Boutique","item":"https:\/\/poterie-de-crestet.com\/ceramiques\/"},{"@type":"ListItem","position":3,"name":"Butterschale Rosa Erde"}]},{"@type":"WebSite","@id":"https:\/\/poterie-de-crestet.com\/de\/#website","url":"https:\/\/poterie-de-crestet.com\/de\/","name":"Poterie de Crestet","description":"Des milliers de poteries inpir\u00e9es de la Provence","publisher":{"@id":"https:\/\/poterie-de-crestet.com\/de\/#organization"},"potentialAction":[{"@type":"SearchAction","target":{"@type":"EntryPoint","urlTemplate":"https:\/\/poterie-de-crestet.com\/de\/?s={search_term_string}"},"query-input":{"@type":"PropertyValueSpecification","valueRequired":true,"valueName":"search_term_string"}}],"inLanguage":"de"},{"@type":"Organization","@id":"https:\/\/poterie-de-crestet.com\/de\/#organization","name":"Poterie de Crestet","url":"https:\/\/poterie-de-crestet.com\/de\/","logo":{"@type":"ImageObject","inLanguage":"de","@id":"https:\/\/poterie-de-crestet.com\/de\/#\/schema\/logo\/image\/","url":"https:\/\/i0.wp.com\/poterie-de-crestet.com\/wp-content\/uploads\/2025\/03\/Propo-4.png?fit=1000%2C462&ssl=1","contentUrl":"https:\/\/i0.wp.com\/poterie-de-crestet.com\/wp-content\/uploads\/2025\/03\/Propo-4.png?fit=1000%2C462&ssl=1","width":1000,"height":462,"caption":"Poterie de Crestet"},"image":{"@id":"https:\/\/poterie-de-crestet.com\/de\/#\/schema\/logo\/image\/"}}]}},"jetpack_sharing_enabled":true,"_links":{"self":[{"href":"https:\/\/poterie-de-crestet.com\/de\/wp-json\/wp\/v2\/product\/17500","targetHints":{"allow":["GET"]}}],"collection":[{"href":"https:\/\/poterie-de-crestet.com\/de\/wp-json\/wp\/v2\/product"}],"about":[{"href":"https:\/\/poterie-de-crestet.com\/de\/wp-json\/wp\/v2\/types\/product"}],"replies":[{"embeddable":true,"href":"https:\/\/poterie-de-crestet.com\/de\/wp-json\/wp\/v2\/comments?post=17500"}],"version-history":[{"count":0,"href":"https:\/\/poterie-de-crestet.com\/de\/wp-json\/wp\/v2\/product\/17500\/revisions"}],"wp:featuredmedia":[{"embeddable":true,"href":"https:\/\/poterie-de-crestet.com\/de\/wp-json\/wp\/v2\/media\/6020"}],"wp:attachment":[{"href":"https:\/\/poterie-de-crestet.com\/de\/wp-json\/wp\/v2\/media?parent=17500"}],"wp:term":[{"taxonomy":"product_brand","embeddable":true,"href":"https:\/\/poterie-de-crestet.com\/de\/wp-json\/wp\/v2\/product_brand?post=17500"},{"taxonomy":"product_cat","embeddable":true,"href":"https:\/\/poterie-de-crestet.com\/de\/wp-json\/wp\/v2\/product_cat?post=17500"},{"taxonomy":"product_tag","embeddable":true,"href":"https:\/\/poterie-de-crestet.com\/de\/wp-json\/wp\/v2\/product_tag?post=17500"}],"curies":[{"name":"wp","href":"https:\/\/api.w.org\/{rel}","templated":true}]}}

<p>Die <strong data-start="2527" data-end="2539">Sol-Rosenbutterschale</strong> ist die perfekte Kombination aus Weichheit und Verfeinerung. Mit seiner handbemalten Dekoration in zarten Farbtönen verleiht sie Ihrem Tisch eine feminine und warme Note. <g id="gid_1">Der Pink Sol</g> ist ideal, um Ihre Butter bei Zimmertemperatur zu halten und sie täglich besser zu verbreiten.<br data-start="2838" data-end="2841">Das schlanke Design dieses Modells ermöglicht es, sich perfekt in alle Arten von Dekorationen einzufügen, sei es zeitgenössisch oder traditioneller. Und was die Praktikabilität angeht, sollte es nicht übertroffen werden: Es ist vollständig kompatibel mit Geschirrspüler, Mikrowelle und sogar dem Ofen und sorgt sorgenfreie Wartung.<br data-start="3156" data-end="3159">Tipp für Kochbegeisterte: Dieses Buttergericht kann auch für andere Produkte verwendet werden, wie frische Kräuter oder kleine Käseportionen, um den Alltag zu erleichtern.<br data-start="3366" data-end="3369"><g id="gid_2">Der Pink Sol</g> konserviert nicht nur Butter: Er wird zu einem echten Dekorationsobjekt auf Ihrem Tisch und verleiht jeder Mahlzeit einen Hauch von Weichheit und Raffinesse. Für diejenigen, die einen dezent femininen Stil mögen, ist dieses Modell die perfekte Wahl.    </p>

<p>Eine praktische Butterschale mit zartem Ton, perfekt für weiche Küchen.<br data-start="3269" data-end="3272"><strong data-start="3272" data-end="3309"><em data-start="3274" data-end="3307">Maße: 20,5 × 13 × 8,5 cm</em></strong></p>

<!-- This site is optimized with the Yoast SEO plugin v27.5 - https://yoast.com/product/yoast-seo-wordpress/ -->
<title>Butterschale Rosa Erde - Poterie de Crestet</title>
<meta name="description" content="Rosa Sol Butterschale, handgemalte, zarte Dekoration. Ideal, um das Frühstück mit Feinheit zu begleiten." />
<meta name="robots" content="index, follow, max-snippet:-1, max-image-preview:large, max-video-preview:-1" />
<link rel="canonical" href="https://poterie-de-crestet.com/de/keramik/butterschale-rosa-erde/" />
<meta property="og:locale" content="de_DE" />
<meta property="og:type" content="article" />
<meta property="og:title" content="Butterschale Rosa Erde - Poterie de Crestet" />
<meta property="og:description" content="Rosa Sol Butterschale, handgemalte, zarte Dekoration. Ideal, um das Frühstück mit Feinheit zu begleiten." />
<meta property="og:url" content="https://poterie-de-crestet.com/de/keramik/butterschale-rosa-erde/" />
<meta property="og:site_name" content="Poterie de Crestet" />
<meta property="og:image" content="https://i0.wp.com/poterie-de-crestet.com/wp-content/uploads/2025/04/beurrier-sol-rose.jpg?fit=458%2C458&ssl=1" />
	<meta property="og:image:width" content="458" />
	<meta property="og:image:height" content="458" />
	<meta property="og:image:type" content="image/jpeg" />
<meta name="twitter:card" content="summary_large_image" />
<meta name="twitter:label1" content="Geschätzte Lesezeit" />
	<meta name="twitter:data1" content="1 Minute" />
<script type="application/ld+json" class="yoast-schema-graph">{"@context":"https:\/\/schema.org","@graph":[{"@type":"WebPage","@id":"https:\/\/poterie-de-crestet.com\/de\/keramik\/butterschale-rosa-erde\/","url":"https:\/\/poterie-de-crestet.com\/de\/keramik\/butterschale-rosa-erde\/","name":"Butterschale Rosa Erde - Poterie de Crestet","isPartOf":{"@id":"https:\/\/poterie-de-crestet.com\/de\/#website"},"primaryImageOfPage":{"@id":"https:\/\/poterie-de-crestet.com\/de\/keramik\/butterschale-rosa-erde\/#primaryimage"},"image":{"@id":"https:\/\/poterie-de-crestet.com\/de\/keramik\/butterschale-rosa-erde\/#primaryimage"},"thumbnailUrl":"https:\/\/i0.wp.com\/poterie-de-crestet.com\/wp-content\/uploads\/2025\/04\/beurrier-sol-rose.jpg?fit=458%2C458&ssl=1","datePublished":"2025-04-08T08:24:31+00:00","description":"Rosa Sol Butterschale, handgemalte, zarte Dekoration. Ideal, um das Frühstück mit Feinheit zu begleiten.","breadcrumb":{"@id":"https:\/\/poterie-de-crestet.com\/de\/keramik\/butterschale-rosa-erde\/#breadcrumb"},"inLanguage":"de","potentialAction":[{"@type":"ReadAction","target":["https:\/\/poterie-de-crestet.com\/de\/keramik\/butterschale-rosa-erde\/"]}]},{"@type":"ImageObject","inLanguage":"de","@id":"https:\/\/poterie-de-crestet.com\/de\/keramik\/butterschale-rosa-erde\/#primaryimage","url":"https:\/\/i0.wp.com\/poterie-de-crestet.com\/wp-content\/uploads\/2025\/04\/beurrier-sol-rose.jpg?fit=458%2C458&ssl=1","contentUrl":"https:\/\/i0.wp.com\/poterie-de-crestet.com\/wp-content\/uploads\/2025\/04\/beurrier-sol-rose.jpg?fit=458%2C458&ssl=1","width":458,"height":458,"caption":"Rosa Bodenbutterschale"},{"@type":"BreadcrumbList","@id":"https:\/\/poterie-de-crestet.com\/de\/keramik\/butterschale-rosa-erde\/#breadcrumb","itemListElement":[{"@type":"ListItem","position":1,"name":"Accueil","item":"https:\/\/poterie-de-crestet.com\/de\/accueil\/"},{"@type":"ListItem","position":2,"name":"Boutique","item":"https:\/\/poterie-de-crestet.com\/ceramiques\/"},{"@type":"ListItem","position":3,"name":"Butterschale Rosa Erde"}]},{"@type":"WebSite","@id":"https:\/\/poterie-de-crestet.com\/de\/#website","url":"https:\/\/poterie-de-crestet.com\/de\/","name":"Poterie de Crestet","description":"Des milliers de poteries inpirées de la Provence","publisher":{"@id":"https:\/\/poterie-de-crestet.com\/de\/#organization"},"potentialAction":[{"@type":"SearchAction","target":{"@type":"EntryPoint","urlTemplate":"https:\/\/poterie-de-crestet.com\/de\/?s={search_term_string}"},"query-input":{"@type":"PropertyValueSpecification","valueRequired":true,"valueName":"search_term_string"}}],"inLanguage":"de"},{"@type":"Organization","@id":"https:\/\/poterie-de-crestet.com\/de\/#organization","name":"Poterie de Crestet","url":"https:\/\/poterie-de-crestet.com\/de\/","logo":{"@type":"ImageObject","inLanguage":"de","@id":"https:\/\/poterie-de-crestet.com\/de\/#\/schema\/logo\/image\/","url":"https:\/\/i0.wp.com\/poterie-de-crestet.com\/wp-content\/uploads\/2025\/03\/Propo-4.png?fit=1000%2C462&ssl=1","contentUrl":"https:\/\/i0.wp.com\/poterie-de-crestet.com\/wp-content\/uploads\/2025\/03\/Propo-4.png?fit=1000%2C462&ssl=1","width":1000,"height":462,"caption":"Poterie de Crestet"},"image":{"@id":"https:\/\/poterie-de-crestet.com\/de\/#\/schema\/logo\/image\/"}}]}</script>
<!-- / Yoast SEO plugin. -->

Rosa Sol Butterschale, handgemalte, zarte Dekoration. Ideal, um das Frühstück mit Feinheit zu begleiten.

Des milliers de poteries inpirées de la Provence
