{"id":17371,"date":"2025-04-08T10:25:37","date_gmt":"2025-04-08T08:25:37","guid":{"rendered":"https:\/\/poterie-de-crestet.com\/ceramiques\/tasse-fliedergraue-olive\/"},"modified":"2025-04-08T10:25:37","modified_gmt":"2025-04-08T08:25:37","slug":"tasse-fliedergraue-olive","status":"publish","type":"product","link":"https:\/\/poterie-de-crestet.com\/de\/keramik\/tasse-fliedergraue-olive\/","title":{"rendered":"Tasse  <h5>Fliedergraue Olive<\/h5>"},"content":{"rendered":"<p>Weichheit und Eleganz f\u00fcr diese fliedergraue olivfarbene Tasse, mit konischer Form und angenehmem Griff. Es ist perfekt f\u00fcr einen wohltuenden Kr\u00e4utertee, Rooibos oder Latte.<br data-start=\"1410\" data-end=\"1413\">Die Dekoration ist zart handgemalt und die Keramik h\u00e4lt dem t\u00e4glichen Gebrauch stand. <br data-start=\"1492\" data-end=\"1495\"><strong data-start=\"1495\" data-end=\"1614\">Um mit einem <a class=\"\" href=\"https:\/\/poterie-de-crestet.com\/de\/keramik\/moerser-fliedergraue-olive\/\" rel=\"noopener\" data-start=\"1513\" data-end=\"1542\">fliedergrauen Olivenm\u00f6rser<\/a> kombiniert zu werden oder das Ganze mit einer <a class=\"\" href=\"https:\/\/poterie-de-crestet.com\/de\/keramik\/oelflasche-1-l-roter-platz\/\" rel=\"noopener\" data-start=\"1577\" data-end=\"1611\">roten Quadrat\u00f6lflasche<\/a> aufzuwecken.<\/strong><\/p>\n","protected":false},"excerpt":{"rendered":"<p>Zarte Tasse mit konischer Form, perfekt f\u00fcr einen entspannenden Tee oder Kr\u00e4utertee.<br data-start=\"2050\" data-end=\"2053\"><strong data-start=\"2053\" data-end=\"2084\"><em data-start=\"2055\" data-end=\"2082\">Abmessungen: 10,4 \u00d7 11 cm<\/em><\/strong><\/p>\n","protected":false},"featured_media":6974,"comment_status":"open","ping_status":"closed","template":"","meta":[],"product_brand":[],"product_cat":[272],"product_tag":[218],"class_list":{"0":"post-17371","1":"product","2":"type-product","3":"status-publish","4":"has-post-thumbnail","6":"product_cat-tassen-und-tassen","7":"product_tag-fliedergraue-olive","9":"first","10":"instock","11":"taxable","12":"shipping-taxable","13":"purchasable","14":"product-type-simple"},"yoast_head":"<!-- This site is optimized with the Yoast SEO plugin v27.5 - https:\/\/yoast.com\/product\/yoast-seo-wordpress\/ -->\n<title>Tasse Fliedergraue Olive - Poterie de Crestet<\/title>\n<meta name=\"description\" content=\"Keramische fliedergraue olivgr\u00fcne konische Tasse: ideal f\u00fcr Kaffee, Tee oder hei\u00dfe Schokolade. Auch f\u00fcr kalte Getr\u00e4nke geeignet. Schick, langlebig und praktisch.\" \/>\n<meta name=\"robots\" content=\"index, follow, max-snippet:-1, max-image-preview:large, max-video-preview:-1\" \/>\n<link rel=\"canonical\" href=\"https:\/\/poterie-de-crestet.com\/de\/keramik\/tasse-fliedergraue-olive\/\" \/>\n<meta property=\"og:locale\" content=\"de_DE\" \/>\n<meta property=\"og:type\" content=\"article\" \/>\n<meta property=\"og:title\" content=\"Tasse Fliedergraue Olive - Poterie de Crestet\" \/>\n<meta property=\"og:description\" content=\"Keramische fliedergraue olivgr\u00fcne konische Tasse: ideal f\u00fcr Kaffee, Tee oder hei\u00dfe Schokolade. Auch f\u00fcr kalte Getr\u00e4nke geeignet. Schick, langlebig und praktisch.\" \/>\n<meta property=\"og:url\" content=\"https:\/\/poterie-de-crestet.com\/de\/keramik\/tasse-fliedergraue-olive\/\" \/>\n<meta property=\"og:site_name\" content=\"Poterie de Crestet\" \/>\n<meta property=\"og:image\" content=\"https:\/\/i0.wp.com\/poterie-de-crestet.com\/wp-content\/uploads\/2025\/04\/mug-olive-gris-lila.jpg?fit=458%2C458&ssl=1\" \/>\n\t<meta property=\"og:image:width\" content=\"458\" \/>\n\t<meta property=\"og:image:height\" content=\"458\" \/>\n\t<meta property=\"og:image:type\" content=\"image\/jpeg\" \/>\n<meta name=\"twitter:card\" content=\"summary_large_image\" \/>\n<script type=\"application\/ld+json\" class=\"yoast-schema-graph\">{\"@context\":\"https:\\\/\\\/schema.org\",\"@graph\":[{\"@type\":\"WebPage\",\"@id\":\"https:\\\/\\\/poterie-de-crestet.com\\\/de\\\/keramik\\\/tasse-fliedergraue-olive\\\/\",\"url\":\"https:\\\/\\\/poterie-de-crestet.com\\\/de\\\/keramik\\\/tasse-fliedergraue-olive\\\/\",\"name\":\"Tasse Fliedergraue Olive - Poterie de Crestet\",\"isPartOf\":{\"@id\":\"https:\\\/\\\/poterie-de-crestet.com\\\/de\\\/#website\"},\"primaryImageOfPage\":{\"@id\":\"https:\\\/\\\/poterie-de-crestet.com\\\/de\\\/keramik\\\/tasse-fliedergraue-olive\\\/#primaryimage\"},\"image\":{\"@id\":\"https:\\\/\\\/poterie-de-crestet.com\\\/de\\\/keramik\\\/tasse-fliedergraue-olive\\\/#primaryimage\"},\"thumbnailUrl\":\"https:\\\/\\\/i0.wp.com\\\/poterie-de-crestet.com\\\/wp-content\\\/uploads\\\/2025\\\/04\\\/mug-olive-gris-lila.jpg?fit=458%2C458&ssl=1\",\"datePublished\":\"2025-04-08T08:25:37+00:00\",\"description\":\"Keramische fliedergraue olivgr\u00fcne konische Tasse: ideal f\u00fcr Kaffee, Tee oder hei\u00dfe Schokolade. Auch f\u00fcr kalte Getr\u00e4nke geeignet. Schick, langlebig und praktisch.\",\"breadcrumb\":{\"@id\":\"https:\\\/\\\/poterie-de-crestet.com\\\/de\\\/keramik\\\/tasse-fliedergraue-olive\\\/#breadcrumb\"},\"inLanguage\":\"de\",\"potentialAction\":[{\"@type\":\"ReadAction\",\"target\":[\"https:\\\/\\\/poterie-de-crestet.com\\\/de\\\/keramik\\\/tasse-fliedergraue-olive\\\/\"]}]},{\"@type\":\"ImageObject\",\"inLanguage\":\"de\",\"@id\":\"https:\\\/\\\/poterie-de-crestet.com\\\/de\\\/keramik\\\/tasse-fliedergraue-olive\\\/#primaryimage\",\"url\":\"https:\\\/\\\/i0.wp.com\\\/poterie-de-crestet.com\\\/wp-content\\\/uploads\\\/2025\\\/04\\\/mug-olive-gris-lila.jpg?fit=458%2C458&ssl=1\",\"contentUrl\":\"https:\\\/\\\/i0.wp.com\\\/poterie-de-crestet.com\\\/wp-content\\\/uploads\\\/2025\\\/04\\\/mug-olive-gris-lila.jpg?fit=458%2C458&ssl=1\",\"width\":458,\"height\":458,\"caption\":\"Kegelf\u00f6rmige Tasse Olivgrau Flieder\"},{\"@type\":\"BreadcrumbList\",\"@id\":\"https:\\\/\\\/poterie-de-crestet.com\\\/de\\\/keramik\\\/tasse-fliedergraue-olive\\\/#breadcrumb\",\"itemListElement\":[{\"@type\":\"ListItem\",\"position\":1,\"name\":\"Accueil\",\"item\":\"https:\\\/\\\/poterie-de-crestet.com\\\/de\\\/accueil\\\/\"},{\"@type\":\"ListItem\",\"position\":2,\"name\":\"Boutique\",\"item\":\"https:\\\/\\\/poterie-de-crestet.com\\\/ceramiques\\\/\"},{\"@type\":\"ListItem\",\"position\":3,\"name\":\"Tasse Fliedergraue Olive\"}]},{\"@type\":\"WebSite\",\"@id\":\"https:\\\/\\\/poterie-de-crestet.com\\\/de\\\/#website\",\"url\":\"https:\\\/\\\/poterie-de-crestet.com\\\/de\\\/\",\"name\":\"Poterie de Crestet\",\"description\":\"Des milliers de poteries inpir\u00e9es de la Provence\",\"publisher\":{\"@id\":\"https:\\\/\\\/poterie-de-crestet.com\\\/de\\\/#organization\"},\"potentialAction\":[{\"@type\":\"SearchAction\",\"target\":{\"@type\":\"EntryPoint\",\"urlTemplate\":\"https:\\\/\\\/poterie-de-crestet.com\\\/de\\\/?s={search_term_string}\"},\"query-input\":{\"@type\":\"PropertyValueSpecification\",\"valueRequired\":true,\"valueName\":\"search_term_string\"}}],\"inLanguage\":\"de\"},{\"@type\":\"Organization\",\"@id\":\"https:\\\/\\\/poterie-de-crestet.com\\\/de\\\/#organization\",\"name\":\"Poterie de Crestet\",\"url\":\"https:\\\/\\\/poterie-de-crestet.com\\\/de\\\/\",\"logo\":{\"@type\":\"ImageObject\",\"inLanguage\":\"de\",\"@id\":\"https:\\\/\\\/poterie-de-crestet.com\\\/de\\\/#\\\/schema\\\/logo\\\/image\\\/\",\"url\":\"https:\\\/\\\/i0.wp.com\\\/poterie-de-crestet.com\\\/wp-content\\\/uploads\\\/2025\\\/03\\\/Propo-4.png?fit=1000%2C462&ssl=1\",\"contentUrl\":\"https:\\\/\\\/i0.wp.com\\\/poterie-de-crestet.com\\\/wp-content\\\/uploads\\\/2025\\\/03\\\/Propo-4.png?fit=1000%2C462&ssl=1\",\"width\":1000,\"height\":462,\"caption\":\"Poterie de Crestet\"},\"image\":{\"@id\":\"https:\\\/\\\/poterie-de-crestet.com\\\/de\\\/#\\\/schema\\\/logo\\\/image\\\/\"}}]}<\/script>\n<!-- \/ Yoast SEO plugin. -->","yoast_head_json":{"title":"Tasse Fliedergraue Olive - Poterie de Crestet","description":"Keramische fliedergraue olivgr\u00fcne konische Tasse: ideal f\u00fcr Kaffee, Tee oder hei\u00dfe Schokolade. Auch f\u00fcr kalte Getr\u00e4nke geeignet. Schick, langlebig und praktisch.","robots":{"index":"index","follow":"follow","max-snippet":"max-snippet:-1","max-image-preview":"max-image-preview:large","max-video-preview":"max-video-preview:-1"},"canonical":"https:\/\/poterie-de-crestet.com\/de\/keramik\/tasse-fliedergraue-olive\/","og_locale":"de_DE","og_type":"article","og_title":"Tasse Fliedergraue Olive - Poterie de Crestet","og_description":"Keramische fliedergraue olivgr\u00fcne konische Tasse: ideal f\u00fcr Kaffee, Tee oder hei\u00dfe Schokolade. Auch f\u00fcr kalte Getr\u00e4nke geeignet. Schick, langlebig und praktisch.","og_url":"https:\/\/poterie-de-crestet.com\/de\/keramik\/tasse-fliedergraue-olive\/","og_site_name":"Poterie de Crestet","og_image":[{"width":458,"height":458,"url":"https:\/\/i0.wp.com\/poterie-de-crestet.com\/wp-content\/uploads\/2025\/04\/mug-olive-gris-lila.jpg?fit=458%2C458&ssl=1","type":"image\/jpeg"}],"twitter_card":"summary_large_image","schema":{"@context":"https:\/\/schema.org","@graph":[{"@type":"WebPage","@id":"https:\/\/poterie-de-crestet.com\/de\/keramik\/tasse-fliedergraue-olive\/","url":"https:\/\/poterie-de-crestet.com\/de\/keramik\/tasse-fliedergraue-olive\/","name":"Tasse Fliedergraue Olive - Poterie de Crestet","isPartOf":{"@id":"https:\/\/poterie-de-crestet.com\/de\/#website"},"primaryImageOfPage":{"@id":"https:\/\/poterie-de-crestet.com\/de\/keramik\/tasse-fliedergraue-olive\/#primaryimage"},"image":{"@id":"https:\/\/poterie-de-crestet.com\/de\/keramik\/tasse-fliedergraue-olive\/#primaryimage"},"thumbnailUrl":"https:\/\/i0.wp.com\/poterie-de-crestet.com\/wp-content\/uploads\/2025\/04\/mug-olive-gris-lila.jpg?fit=458%2C458&ssl=1","datePublished":"2025-04-08T08:25:37+00:00","description":"Keramische fliedergraue olivgr\u00fcne konische Tasse: ideal f\u00fcr Kaffee, Tee oder hei\u00dfe Schokolade. Auch f\u00fcr kalte Getr\u00e4nke geeignet. Schick, langlebig und praktisch.","breadcrumb":{"@id":"https:\/\/poterie-de-crestet.com\/de\/keramik\/tasse-fliedergraue-olive\/#breadcrumb"},"inLanguage":"de","potentialAction":[{"@type":"ReadAction","target":["https:\/\/poterie-de-crestet.com\/de\/keramik\/tasse-fliedergraue-olive\/"]}]},{"@type":"ImageObject","inLanguage":"de","@id":"https:\/\/poterie-de-crestet.com\/de\/keramik\/tasse-fliedergraue-olive\/#primaryimage","url":"https:\/\/i0.wp.com\/poterie-de-crestet.com\/wp-content\/uploads\/2025\/04\/mug-olive-gris-lila.jpg?fit=458%2C458&ssl=1","contentUrl":"https:\/\/i0.wp.com\/poterie-de-crestet.com\/wp-content\/uploads\/2025\/04\/mug-olive-gris-lila.jpg?fit=458%2C458&ssl=1","width":458,"height":458,"caption":"Kegelf\u00f6rmige Tasse Olivgrau Flieder"},{"@type":"BreadcrumbList","@id":"https:\/\/poterie-de-crestet.com\/de\/keramik\/tasse-fliedergraue-olive\/#breadcrumb","itemListElement":[{"@type":"ListItem","position":1,"name":"Accueil","item":"https:\/\/poterie-de-crestet.com\/de\/accueil\/"},{"@type":"ListItem","position":2,"name":"Boutique","item":"https:\/\/poterie-de-crestet.com\/ceramiques\/"},{"@type":"ListItem","position":3,"name":"Tasse Fliedergraue Olive"}]},{"@type":"WebSite","@id":"https:\/\/poterie-de-crestet.com\/de\/#website","url":"https:\/\/poterie-de-crestet.com\/de\/","name":"Poterie de Crestet","description":"Des milliers de poteries inpir\u00e9es de la Provence","publisher":{"@id":"https:\/\/poterie-de-crestet.com\/de\/#organization"},"potentialAction":[{"@type":"SearchAction","target":{"@type":"EntryPoint","urlTemplate":"https:\/\/poterie-de-crestet.com\/de\/?s={search_term_string}"},"query-input":{"@type":"PropertyValueSpecification","valueRequired":true,"valueName":"search_term_string"}}],"inLanguage":"de"},{"@type":"Organization","@id":"https:\/\/poterie-de-crestet.com\/de\/#organization","name":"Poterie de Crestet","url":"https:\/\/poterie-de-crestet.com\/de\/","logo":{"@type":"ImageObject","inLanguage":"de","@id":"https:\/\/poterie-de-crestet.com\/de\/#\/schema\/logo\/image\/","url":"https:\/\/i0.wp.com\/poterie-de-crestet.com\/wp-content\/uploads\/2025\/03\/Propo-4.png?fit=1000%2C462&ssl=1","contentUrl":"https:\/\/i0.wp.com\/poterie-de-crestet.com\/wp-content\/uploads\/2025\/03\/Propo-4.png?fit=1000%2C462&ssl=1","width":1000,"height":462,"caption":"Poterie de Crestet"},"image":{"@id":"https:\/\/poterie-de-crestet.com\/de\/#\/schema\/logo\/image\/"}}]}},"jetpack_sharing_enabled":true,"_links":{"self":[{"href":"https:\/\/poterie-de-crestet.com\/de\/wp-json\/wp\/v2\/product\/17371","targetHints":{"allow":["GET"]}}],"collection":[{"href":"https:\/\/poterie-de-crestet.com\/de\/wp-json\/wp\/v2\/product"}],"about":[{"href":"https:\/\/poterie-de-crestet.com\/de\/wp-json\/wp\/v2\/types\/product"}],"replies":[{"embeddable":true,"href":"https:\/\/poterie-de-crestet.com\/de\/wp-json\/wp\/v2\/comments?post=17371"}],"version-history":[{"count":0,"href":"https:\/\/poterie-de-crestet.com\/de\/wp-json\/wp\/v2\/product\/17371\/revisions"}],"wp:featuredmedia":[{"embeddable":true,"href":"https:\/\/poterie-de-crestet.com\/de\/wp-json\/wp\/v2\/media\/6974"}],"wp:attachment":[{"href":"https:\/\/poterie-de-crestet.com\/de\/wp-json\/wp\/v2\/media?parent=17371"}],"wp:term":[{"taxonomy":"product_brand","embeddable":true,"href":"https:\/\/poterie-de-crestet.com\/de\/wp-json\/wp\/v2\/product_brand?post=17371"},{"taxonomy":"product_cat","embeddable":true,"href":"https:\/\/poterie-de-crestet.com\/de\/wp-json\/wp\/v2\/product_cat?post=17371"},{"taxonomy":"product_tag","embeddable":true,"href":"https:\/\/poterie-de-crestet.com\/de\/wp-json\/wp\/v2\/product_tag?post=17371"}],"curies":[{"name":"wp","href":"https:\/\/api.w.org\/{rel}","templated":true}]}}

<p>Weichheit und Eleganz für diese fliedergraue olivfarbene Tasse, mit konischer Form und angenehmem Griff. Es ist perfekt für einen wohltuenden Kräutertee, Rooibos oder Latte.<br data-start="1410" data-end="1413">Die Dekoration ist zart handgemalt und die Keramik hält dem täglichen Gebrauch stand. <br data-start="1492" data-end="1495"><strong data-start="1495" data-end="1614">Um mit einem <a class="" href="https://poterie-de-crestet.com/de/keramik/moerser-fliedergraue-olive/" rel="noopener" data-start="1513" data-end="1542">fliedergrauen Olivenmörser</a> kombiniert zu werden oder das Ganze mit einer <a class="" href="https://poterie-de-crestet.com/de/keramik/oelflasche-1-l-roter-platz/" rel="noopener" data-start="1577" data-end="1611">roten Quadratölflasche</a> aufzuwecken.</strong></p>

<p>Zarte Tasse mit konischer Form, perfekt für einen entspannenden Tee oder Kräutertee.<br data-start="2050" data-end="2053"><strong data-start="2053" data-end="2084"><em data-start="2055" data-end="2082">Abmessungen: 10,4 × 11 cm</em></strong></p>

<!-- This site is optimized with the Yoast SEO plugin v27.5 - https://yoast.com/product/yoast-seo-wordpress/ -->
<title>Tasse Fliedergraue Olive - Poterie de Crestet</title>
<meta name="description" content="Keramische fliedergraue olivgrüne konische Tasse: ideal für Kaffee, Tee oder heiße Schokolade. Auch für kalte Getränke geeignet. Schick, langlebig und praktisch." />
<meta name="robots" content="index, follow, max-snippet:-1, max-image-preview:large, max-video-preview:-1" />
<link rel="canonical" href="https://poterie-de-crestet.com/de/keramik/tasse-fliedergraue-olive/" />
<meta property="og:locale" content="de_DE" />
<meta property="og:type" content="article" />
<meta property="og:title" content="Tasse Fliedergraue Olive - Poterie de Crestet" />
<meta property="og:description" content="Keramische fliedergraue olivgrüne konische Tasse: ideal für Kaffee, Tee oder heiße Schokolade. Auch für kalte Getränke geeignet. Schick, langlebig und praktisch." />
<meta property="og:url" content="https://poterie-de-crestet.com/de/keramik/tasse-fliedergraue-olive/" />
<meta property="og:site_name" content="Poterie de Crestet" />
<meta property="og:image" content="https://i0.wp.com/poterie-de-crestet.com/wp-content/uploads/2025/04/mug-olive-gris-lila.jpg?fit=458%2C458&ssl=1" />
	<meta property="og:image:width" content="458" />
	<meta property="og:image:height" content="458" />
	<meta property="og:image:type" content="image/jpeg" />
<meta name="twitter:card" content="summary_large_image" />
<script type="application/ld+json" class="yoast-schema-graph">{"@context":"https:\/\/schema.org","@graph":[{"@type":"WebPage","@id":"https:\/\/poterie-de-crestet.com\/de\/keramik\/tasse-fliedergraue-olive\/","url":"https:\/\/poterie-de-crestet.com\/de\/keramik\/tasse-fliedergraue-olive\/","name":"Tasse Fliedergraue Olive - Poterie de Crestet","isPartOf":{"@id":"https:\/\/poterie-de-crestet.com\/de\/#website"},"primaryImageOfPage":{"@id":"https:\/\/poterie-de-crestet.com\/de\/keramik\/tasse-fliedergraue-olive\/#primaryimage"},"image":{"@id":"https:\/\/poterie-de-crestet.com\/de\/keramik\/tasse-fliedergraue-olive\/#primaryimage"},"thumbnailUrl":"https:\/\/i0.wp.com\/poterie-de-crestet.com\/wp-content\/uploads\/2025\/04\/mug-olive-gris-lila.jpg?fit=458%2C458&ssl=1","datePublished":"2025-04-08T08:25:37+00:00","description":"Keramische fliedergraue olivgrüne konische Tasse: ideal für Kaffee, Tee oder heiße Schokolade. Auch für kalte Getränke geeignet. Schick, langlebig und praktisch.","breadcrumb":{"@id":"https:\/\/poterie-de-crestet.com\/de\/keramik\/tasse-fliedergraue-olive\/#breadcrumb"},"inLanguage":"de","potentialAction":[{"@type":"ReadAction","target":["https:\/\/poterie-de-crestet.com\/de\/keramik\/tasse-fliedergraue-olive\/"]}]},{"@type":"ImageObject","inLanguage":"de","@id":"https:\/\/poterie-de-crestet.com\/de\/keramik\/tasse-fliedergraue-olive\/#primaryimage","url":"https:\/\/i0.wp.com\/poterie-de-crestet.com\/wp-content\/uploads\/2025\/04\/mug-olive-gris-lila.jpg?fit=458%2C458&ssl=1","contentUrl":"https:\/\/i0.wp.com\/poterie-de-crestet.com\/wp-content\/uploads\/2025\/04\/mug-olive-gris-lila.jpg?fit=458%2C458&ssl=1","width":458,"height":458,"caption":"Kegelförmige Tasse Olivgrau Flieder"},{"@type":"BreadcrumbList","@id":"https:\/\/poterie-de-crestet.com\/de\/keramik\/tasse-fliedergraue-olive\/#breadcrumb","itemListElement":[{"@type":"ListItem","position":1,"name":"Accueil","item":"https:\/\/poterie-de-crestet.com\/de\/accueil\/"},{"@type":"ListItem","position":2,"name":"Boutique","item":"https:\/\/poterie-de-crestet.com\/ceramiques\/"},{"@type":"ListItem","position":3,"name":"Tasse Fliedergraue Olive"}]},{"@type":"WebSite","@id":"https:\/\/poterie-de-crestet.com\/de\/#website","url":"https:\/\/poterie-de-crestet.com\/de\/","name":"Poterie de Crestet","description":"Des milliers de poteries inpirées de la Provence","publisher":{"@id":"https:\/\/poterie-de-crestet.com\/de\/#organization"},"potentialAction":[{"@type":"SearchAction","target":{"@type":"EntryPoint","urlTemplate":"https:\/\/poterie-de-crestet.com\/de\/?s={search_term_string}"},"query-input":{"@type":"PropertyValueSpecification","valueRequired":true,"valueName":"search_term_string"}}],"inLanguage":"de"},{"@type":"Organization","@id":"https:\/\/poterie-de-crestet.com\/de\/#organization","name":"Poterie de Crestet","url":"https:\/\/poterie-de-crestet.com\/de\/","logo":{"@type":"ImageObject","inLanguage":"de","@id":"https:\/\/poterie-de-crestet.com\/de\/#\/schema\/logo\/image\/","url":"https:\/\/i0.wp.com\/poterie-de-crestet.com\/wp-content\/uploads\/2025\/03\/Propo-4.png?fit=1000%2C462&ssl=1","contentUrl":"https:\/\/i0.wp.com\/poterie-de-crestet.com\/wp-content\/uploads\/2025\/03\/Propo-4.png?fit=1000%2C462&ssl=1","width":1000,"height":462,"caption":"Poterie de Crestet"},"image":{"@id":"https:\/\/poterie-de-crestet.com\/de\/#\/schema\/logo\/image\/"}}]}</script>
<!-- / Yoast SEO plugin. -->

Keramische fliedergraue olivgrüne konische Tasse: ideal für Kaffee, Tee oder heiße Schokolade. Auch für kalte Getränke geeignet. Schick, langlebig und praktisch.

Kegelförmige Tasse Olivgrau Flieder

Des milliers de poteries inpirées de la Provence
